Last updated on 2015-02-05 23:50:19.
Flavor | Version | Tinstall | Tcheck | Ttotal | Status | Flags |
---|---|---|---|---|---|---|
r-devel-linux-x86_64-debian-clang | 1.2 | 0.76 | 12.72 | 13.48 | NOTE | |
r-devel-linux-x86_64-debian-gcc | 1.2 | 0.77 | 11.83 | 12.60 | NOTE | |
r-devel-linux-x86_64-fedora-clang | 1.2 | 27.34 | NOTE | |||
r-devel-linux-x86_64-fedora-gcc | 1.2 | 24.77 | NOTE | |||
r-devel-osx-x86_64-clang | 1.2 | 32.07 | NOTE | |||
r-devel-windows-ix86+x86_64 | 1.2 | 5.00 | 24.00 | 29.00 | NOTE | |
r-patched-linux-x86_64 | 1.2 | 1.00 | 14.48 | 15.48 | NOTE | |
r-patched-solaris-sparc | 1.2 | 198.90 | NOTE | |||
r-patched-solaris-x86 | 1.2 | 44.40 | NOTE | |||
r-release-linux-ix86 | 1.2 | 1.33 | 20.90 | 22.23 | NOTE | |
r-release-linux-x86_64 | 1.2 | 0.97 | 14.61 | 15.58 | NOTE | |
r-release-osx-x86_64-mavericks | 1.2 | NOTE | ||||
r-release-windows-ix86+x86_64 | 1.2 | 6.00 | 25.00 | 31.00 | NOTE | |
r-oldrel-windows-ix86+x86_64 | 1.2 | 5.00 | 27.00 | 32.00 | NOTE |
Version: 1.2
Check: R code for possible problems
Result: NOTE
InfoGB: no visible global function definition for ‘xml’
TaxoGB: no visible global function definition for ‘xml’
blast: no visible global function definition for ‘xml’
getGB: no visible global function definition for ‘xml’
outBLAST: no visible global function definition for ‘xml’
Flavors: r-devel-linux-x86_64-debian-clang, r-devel-linux-x86_64-debian-gcc, r-devel-linux-x86_64-fedora-clang, r-devel-linux-x86_64-fedora-gcc, r-devel-osx-x86_64-clang, r-devel-windows-ix86+x86_64, r-patched-linux-x86_64, r-patched-solaris-sparc, r-patched-solaris-x86, r-release-linux-ix86, r-release-linux-x86_64, r-release-osx-x86_64-mavericks, r-release-windows-ix86+x86_64, r-oldrel-windows-ix86+x86_64