Last updated on 2015-02-05 23:50:20.
Flavor | Version | Tinstall | Tcheck | Ttotal | Status | Flags |
---|---|---|---|---|---|---|
r-devel-linux-x86_64-debian-clang | 4.0 | 7.85 | 74.84 | 82.69 | NOTE | |
r-devel-linux-x86_64-debian-gcc | 4.0 | 9.00 | 68.15 | 77.16 | NOTE | |
r-devel-linux-x86_64-fedora-clang | 4.0 | 163.75 | NOTE | |||
r-devel-linux-x86_64-fedora-gcc | 4.0 | 148.73 | NOTE | |||
r-devel-osx-x86_64-clang | 4.0 | 139.47 | NOTE | |||
r-devel-windows-ix86+x86_64 | 4.0 | 40.00 | 119.00 | 159.00 | OK | |
r-patched-linux-x86_64 | 4.0 | 9.84 | 86.07 | 95.91 | OK | |
r-patched-solaris-sparc | 4.0 | 1144.40 | OK | |||
r-patched-solaris-x86 | 4.0 | 217.30 | OK | |||
r-release-linux-ix86 | 4.0 | 12.20 | 109.85 | 122.04 | OK | |
r-release-linux-x86_64 | 4.0 | 9.88 | 87.71 | 97.59 | OK | |
r-release-osx-x86_64-mavericks | 4.0 | OK | ||||
r-release-osx-x86_64-snowleopard | 4.0 | OK | ||||
r-release-windows-ix86+x86_64 | 4.0 | 49.00 | 155.00 | 204.00 | OK | |
r-oldrel-windows-ix86+x86_64 | 4.0 | 38.00 | 159.00 | 197.00 | OK |
Version: 4.0
Check: S3 generic/method consistency
Result: NOTE
Found the following apparent S3 methods exported but not registered:
print.carbayes
See section ‘Registering S3 methods’ in the ‘Writing R Extensions’
manual.
Flavors: r-devel-linux-x86_64-debian-clang, r-devel-linux-x86_64-debian-gcc, r-devel-linux-x86_64-fedora-clang, r-devel-linux-x86_64-fedora-gcc, r-devel-osx-x86_64-clang