CRAN Package Check Results for Package CarletonStats

Last updated on 2015-02-05 23:50:20.

Flavor Version Tinstall Tcheck Ttotal Status Flags
r-devel-linux-x86_64-debian-clang 1.1 0.66 14.62 15.28 NOTE
r-devel-linux-x86_64-debian-gcc 1.1 0.66 13.88 14.54 NOTE
r-devel-linux-x86_64-fedora-clang 1.1 28.88 NOTE
r-devel-linux-x86_64-fedora-gcc 1.1 25.95 NOTE
r-devel-osx-x86_64-clang 1.1 35.65 NOTE
r-devel-windows-ix86+x86_64 1.1 3.00 24.00 27.00 NOTE
r-patched-linux-x86_64 1.1 0.76 14.87 15.63 NOTE
r-patched-solaris-sparc 1.1 187.50 NOTE
r-patched-solaris-x86 1.1 41.00 NOTE
r-release-linux-ix86 1.1 1.00 21.69 22.70 NOTE
r-release-linux-x86_64 1.1 0.73 14.89 15.62 NOTE
r-release-osx-x86_64-mavericks 1.1 NOTE
r-release-osx-x86_64-snowleopard 1.1 OK
r-release-windows-ix86+x86_64 1.1 3.00 25.00 28.00 NOTE
r-oldrel-windows-ix86+x86_64 1.1 5.00 25.00 30.00 OK

Check Details

Version: 1.1
Check: dependencies in R code
Result: NOTE
    'library' or 'require' call to ‘MASS’ in package code.
     Please use :: or requireNamespace() instead.
     See section 'Suggested packages' in the 'Writing R Extensions' manual.
Flavors: r-devel-linux-x86_64-debian-clang, r-devel-linux-x86_64-debian-gcc, r-devel-linux-x86_64-fedora-clang, r-devel-linux-x86_64-fedora-gcc, r-devel-osx-x86_64-clang, r-devel-windows-ix86+x86_64

Version: 1.1
Check: R code for possible problems
Result: NOTE
    corDemo: no visible global function definition for ‘mvrnorm’
Flavors: r-devel-linux-x86_64-debian-clang, r-devel-linux-x86_64-debian-gcc, r-devel-linux-x86_64-fedora-clang, r-devel-linux-x86_64-fedora-gcc, r-devel-osx-x86_64-clang, r-devel-windows-ix86+x86_64, r-patched-linux-x86_64, r-patched-solaris-sparc, r-patched-solaris-x86, r-release-linux-ix86, r-release-linux-x86_64, r-release-osx-x86_64-mavericks, r-release-windows-ix86+x86_64