Last updated on 2015-02-05 23:50:20.
Flavor | Version | Tinstall | Tcheck | Ttotal | Status | Flags |
---|---|---|---|---|---|---|
r-devel-linux-x86_64-debian-clang | 3.0-1 | 5.94 | 73.75 | 79.68 | OK | |
r-devel-linux-x86_64-debian-gcc | 3.0-1 | 4.74 | 72.81 | 77.55 | OK | |
r-devel-linux-x86_64-fedora-clang | 3.0-1 | 159.41 | OK | |||
r-devel-linux-x86_64-fedora-gcc | 3.0-1 | 151.21 | OK | |||
r-devel-osx-x86_64-clang | 3.0-1 | 144.84 | OK | |||
r-devel-windows-ix86+x86_64 | 3.0-1 | 21.00 | 118.00 | 139.00 | OK | |
r-patched-linux-x86_64 | 3.0-1 | 7.68 | 106.40 | 114.08 | OK | |
r-patched-solaris-sparc | 3.0-1 | 1049.20 | OK | --no-build-vignettes | ||
r-patched-solaris-x86 | 3.0-1 | 275.80 | OK | |||
r-release-linux-ix86 | 3.0-1 | 8.86 | 127.06 | 135.92 | OK | |
r-release-linux-x86_64 | 3.0-1 | 7.57 | 104.27 | 111.84 | OK | |
r-release-osx-x86_64-mavericks | 3.0-1 | ERROR | ||||
r-release-osx-x86_64-snowleopard | 3.0-1 | ERROR | ||||
r-release-windows-ix86+x86_64 | 3.0-1 | 42.00 | 178.00 | 220.00 | OK | |
r-oldrel-windows-ix86+x86_64 | 3.0-1 | 25.00 | 193.00 | 218.00 | OK |
Version: 3.0-1
Check: package dependencies
Result: ERROR
Package required but not available: ‘speaq’
See the information on DESCRIPTION files in the chapter ‘Creating R
packages’ of the ‘Writing R Extensions’ manual.
Flavors: r-release-osx-x86_64-mavericks, r-release-osx-x86_64-snowleopard