CRAN Package Check Results for Package ChemometricsWithR

Last updated on 2015-02-05 23:50:20.

Flavor Version Tinstall Tcheck Ttotal Status Flags
r-devel-linux-x86_64-debian-clang 0.1.8 0.84 14.49 15.32 NOTE
r-devel-linux-x86_64-debian-gcc 0.1.8 0.72 14.16 14.88 NOTE
r-devel-linux-x86_64-fedora-clang 0.1.8 29.90 NOTE
r-devel-linux-x86_64-fedora-gcc 0.1.8 28.25 NOTE
r-devel-osx-x86_64-clang 0.1.8 30.38 NOTE
r-devel-windows-ix86+x86_64 0.1.8 6.00 26.00 32.00 OK
r-patched-linux-x86_64 0.1.8 0.82 16.89 17.71 OK
r-patched-solaris-sparc 0.1.8 209.60 OK
r-patched-solaris-x86 0.1.8 45.00 OK
r-release-linux-ix86 0.1.8 1.22 24.22 25.44 OK
r-release-linux-x86_64 0.1.8 0.81 16.57 17.38 OK
r-release-osx-x86_64-mavericks 0.1.8 OK
r-release-osx-x86_64-snowleopard 0.1.8 OK
r-release-windows-ix86+x86_64 0.1.8 7.00 28.00 35.00 OK
r-oldrel-windows-ix86+x86_64 0.1.8 7.00 37.00 44.00 OK

Check Details

Version: 0.1.8
Check: S3 generic/method consistency
Result: NOTE
    Found the following apparent S3 methods exported but not registered:
     biplot.PCA loadingplot.PCA loadings.PCA scoreplot.PCA scores.PCA
     summary.PCA
    See section ‘Registering S3 methods’ in the ‘Writing R Extensions’
    manual.
Flavors: r-devel-linux-x86_64-debian-clang, r-devel-linux-x86_64-fedora-clang, r-devel-linux-x86_64-fedora-gcc, r-devel-osx-x86_64-clang

Version: 0.1.8
Check: S3 generic/method consistency
Result: NOTE
    Found the following apparent S3 methods exported but not registered:
     loadingplot.PCA scoreplot.PCA summary.PCA biplot.PCA loadings.PCA
     scores.PCA
    See section ‘Registering S3 methods’ in the ‘Writing R Extensions’
    manual.
Flavor: r-devel-linux-x86_64-debian-gcc