Last updated on 2015-02-05 23:50:20.
Flavor | Version | Tinstall | Tcheck | Ttotal | Status | Flags |
---|---|---|---|---|---|---|
r-devel-linux-x86_64-debian-clang | 0.1.3 | 3.50 | 12.61 | 16.11 | NOTE | |
r-devel-linux-x86_64-debian-gcc | 0.1.3 | 3.12 | 13.38 | 16.50 | NOTE | |
r-devel-linux-x86_64-fedora-clang | 0.1.3 | 23.94 | NOTE | |||
r-devel-linux-x86_64-fedora-gcc | 0.1.3 | 23.31 | NOTE | |||
r-devel-osx-x86_64-clang | 0.1.3 | 32.28 | NOTE | |||
r-devel-windows-ix86+x86_64 | 0.1.3 | 9.00 | 20.00 | 29.00 | NOTE | |
r-patched-linux-x86_64 | 0.1.3 | 4.02 | 12.88 | 16.90 | NOTE | |
r-patched-solaris-sparc | 0.1.3 | 189.60 | NOTE | |||
r-patched-solaris-x86 | 0.1.3 | 42.00 | NOTE | |||
r-release-linux-ix86 | 0.1.3 | 4.75 | 20.09 | 24.84 | NOTE | |
r-release-linux-x86_64 | 0.1.3 | 3.19 | 12.90 | 16.09 | NOTE | |
r-release-osx-x86_64-mavericks | 0.1.3 | NOTE | ||||
r-release-windows-ix86+x86_64 | 0.1.3 | 8.00 | 19.00 | 27.00 | NOTE | |
r-oldrel-windows-ix86+x86_64 | 0.1.3 | 12.00 | 23.00 | 35.00 | NOTE |
Version: 0.1.3
Check: installed package size
Result: NOTE
installed size is 59.7Mb
sub-directories of 1Mb or more:
data 59.6Mb
Flavors: r-devel-linux-x86_64-debian-clang, r-devel-linux-x86_64-debian-gcc, r-devel-linux-x86_64-fedora-clang, r-devel-linux-x86_64-fedora-gcc, r-devel-osx-x86_64-clang, r-devel-windows-ix86+x86_64, r-patched-linux-x86_64, r-patched-solaris-sparc, r-patched-solaris-x86, r-release-linux-ix86, r-release-linux-x86_64, r-release-osx-x86_64-mavericks, r-release-windows-ix86+x86_64, r-oldrel-windows-ix86+x86_64