Last updated on 2015-02-05 23:50:20.
Flavor | Version | Tinstall | Tcheck | Ttotal | Status | Flags |
---|---|---|---|---|---|---|
r-devel-linux-x86_64-debian-clang | 1.0 | 0.64 | 9.18 | 9.82 | NOTE | |
r-devel-linux-x86_64-debian-gcc | 1.0 | 0.53 | 9.24 | 9.77 | NOTE | |
r-devel-linux-x86_64-fedora-clang | 1.0 | 19.68 | NOTE | |||
r-devel-linux-x86_64-fedora-gcc | 1.0 | 17.55 | NOTE | |||
r-devel-osx-x86_64-clang | 1.0 | 28.00 | NOTE | |||
r-devel-windows-ix86+x86_64 | 1.0 | 3.00 | 15.00 | 18.00 | NOTE | |
r-patched-linux-x86_64 | 1.0 | 0.58 | 9.58 | 10.16 | NOTE | |
r-patched-solaris-sparc | 1.0 | 118.90 | NOTE | |||
r-patched-solaris-x86 | 1.0 | 30.90 | NOTE | |||
r-release-linux-ix86 | 1.0 | 0.81 | 16.23 | 17.04 | NOTE | |
r-release-linux-x86_64 | 1.0 | 0.57 | 9.44 | 10.01 | NOTE | |
r-release-osx-x86_64-mavericks | 1.0 | NOTE | ||||
r-release-windows-ix86+x86_64 | 1.0 | 2.00 | 16.00 | 18.00 | NOTE | |
r-oldrel-windows-ix86+x86_64 | 1.0 | 2.00 | 18.00 | 20.00 | NOTE |
Version: 1.0
Check: Rd files
Result: NOTE
prepare_Rd: CompareTests-package.Rd:36-37: Dropping empty section \seealso
prepare_Rd: CompareTests.Rd:24-26: Dropping empty section \details
prepare_Rd: CompareTests.Rd:64-66: Dropping empty section \seealso
prepare_Rd: fulltable.Rd:10-11: Dropping empty section \usage
prepare_Rd: fulltable.Rd:16-18: Dropping empty section \details
prepare_Rd: fulltable.Rd:28-29: Dropping empty section \note
prepare_Rd: fulltable.Rd:22-24: Dropping empty section \references
prepare_Rd: specimens.Rd:19-20: Dropping empty section \details
prepare_Rd: specimens.Rd:21-22: Dropping empty section \source
prepare_Rd: specimens.Rd:23-24: Dropping empty section \references
Flavors: r-devel-linux-x86_64-debian-clang, r-devel-linux-x86_64-debian-gcc, r-devel-linux-x86_64-fedora-clang, r-devel-linux-x86_64-fedora-gcc, r-devel-osx-x86_64-clang, r-devel-windows-ix86+x86_64, r-patched-linux-x86_64, r-patched-solaris-sparc, r-patched-solaris-x86, r-release-linux-ix86, r-release-linux-x86_64, r-release-osx-x86_64-mavericks, r-release-windows-ix86+x86_64, r-oldrel-windows-ix86+x86_64
Version: 1.0
Check: Rd line widths
Result: NOTE
Rd file 'CompareTests.Rd':
\examples lines wider than 100 characters:
temp <- CompareTests(specimens$stdtest,specimens$sampledtest,specimens$stratum,goldstd="sampledtest")
These lines will be truncated in the PDF manual.
Flavors: r-devel-linux-x86_64-debian-clang, r-devel-linux-x86_64-debian-gcc, r-devel-linux-x86_64-fedora-clang, r-devel-linux-x86_64-fedora-gcc, r-patched-linux-x86_64, r-release-linux-ix86, r-release-linux-x86_64