Last updated on 2015-02-05 23:50:21.
Flavor | Version | Tinstall | Tcheck | Ttotal | Status | Flags |
---|---|---|---|---|---|---|
r-devel-linux-x86_64-debian-clang | 0.2.8.3 | 1.46 | 20.21 | 21.67 | OK | |
r-devel-linux-x86_64-debian-gcc | 0.2.8.3 | 1.41 | 20.16 | 21.57 | OK | |
r-devel-linux-x86_64-fedora-clang | 0.2.8.3 | 46.03 | OK | |||
r-devel-linux-x86_64-fedora-gcc | 0.2.8.3 | 25.21 | OK | |||
r-devel-osx-x86_64-clang | 0.2.8.3 | 48.62 | OK | |||
r-devel-windows-ix86+x86_64 | 0.2.8.3 | 6.00 | 33.00 | 39.00 | OK | |
r-patched-linux-x86_64 | 0.2.8.3 | 2.27 | 27.88 | 30.15 | OK | |
r-patched-solaris-sparc | 0.2.8.3 | 323.60 | OK | |||
r-patched-solaris-x86 | 0.2.8.3 | 76.20 | OK | |||
r-release-linux-ix86 | 0.2.8.3 | 2.46 | 35.16 | 37.61 | OK | |
r-release-linux-x86_64 | 0.2.8.3 | 2.06 | 28.41 | 30.48 | OK | |
r-release-osx-x86_64-mavericks | 0.2.8.3 | OK | ||||
r-release-osx-x86_64-snowleopard | 0.2.8.3 | OK | ||||
r-release-windows-ix86+x86_64 | 0.2.8.3 | 12.00 | 46.00 | 58.00 | OK | |
r-oldrel-windows-ix86+x86_64 | 0.2.8.3 | 2.00 | 1.00 | 3.00 | ERROR |
Version: 0.2.8.3
Check: package dependencies
Result: ERROR
Package required and available but unsuitable version: 'dplyr'
See the information on DESCRIPTION files in the chapter 'Creating R
packages' of the 'Writing R Extensions' manual.
Flavor: r-oldrel-windows-ix86+x86_64