Last updated on 2015-02-05 23:50:21.
Flavor | Version | Tinstall | Tcheck | Ttotal | Status | Flags |
---|---|---|---|---|---|---|
r-devel-linux-x86_64-debian-clang | 0.0.2 | 12.27 | 11.77 | 24.04 | NOTE | |
r-devel-linux-x86_64-debian-gcc | 0.0.2 | 13.73 | 11.49 | 25.22 | NOTE | |
r-devel-linux-x86_64-fedora-clang | 0.0.2 | 48.92 | NOTE | |||
r-devel-linux-x86_64-fedora-gcc | 0.0.2 | 26.73 | NOTE | |||
r-devel-osx-x86_64-clang | 0.0.2 | 41.48 | OK | |||
r-devel-windows-ix86+x86_64 | 0.0.2 | 50.00 | 29.00 | 79.00 | OK | |
r-patched-linux-x86_64 | 0.0.2 | 14.04 | 13.06 | 27.10 | NOTE | |
r-patched-solaris-sparc | 0.0.2 | 283.70 | NOTE | |||
r-patched-solaris-x86 | 0.0.2 | 67.00 | NOTE | |||
r-release-linux-ix86 | 0.0.1 | 14.94 | 23.30 | 38.25 | WARN | |
r-release-linux-x86_64 | 0.0.2 | 13.90 | 13.44 | 27.34 | NOTE | |
r-release-osx-x86_64-mavericks | 0.0.2 | NOTE | ||||
r-release-osx-x86_64-snowleopard | 0.0.2 | NOTE | ||||
r-release-windows-ix86+x86_64 | 0.0.2 | 46.00 | 34.00 | 80.00 | OK | |
r-oldrel-windows-ix86+x86_64 | 0.0.2 | 33.00 | 36.00 | 69.00 | OK |
Version: 0.0.2
Check: installed package size
Result: NOTE
installed size is 13.0Mb
sub-directories of 1Mb or more:
libs 12.9Mb
Flavors: r-devel-linux-x86_64-debian-clang, r-devel-linux-x86_64-debian-gcc, r-devel-linux-x86_64-fedora-clang, r-devel-linux-x86_64-fedora-gcc, r-patched-linux-x86_64, r-patched-solaris-sparc, r-patched-solaris-x86, r-release-linux-x86_64, r-release-osx-x86_64-mavericks, r-release-osx-x86_64-snowleopard
Version: 0.0.1
Check: whether package can be installed
Result: WARN
Found the following significant warnings:
Warning: replacing previous import by ‘robustbase::colMedians’ when loading ‘DetMCD’
Warning: replacing previous import by ‘robustbase::rowMedians’ when loading ‘DetMCD’
Flavor: r-release-linux-ix86
Version: 0.0.1
Check: installed package size
Result: NOTE
installed size is 11.1Mb
sub-directories of 1Mb or more:
libs 11.0Mb
Flavor: r-release-linux-ix86