CRAN Package Check Results for Package DirichletReg

Last updated on 2015-02-05 23:50:21.

Flavor Version Tinstall Tcheck Ttotal Status Flags
r-devel-linux-x86_64-debian-clang 0.6-1 3.18 31.22 34.40 OK
r-devel-linux-x86_64-debian-gcc 0.6-1 2.94 30.77 33.71 OK
r-devel-linux-x86_64-fedora-clang 0.6-1 68.51 OK
r-devel-linux-x86_64-fedora-gcc 0.6-1 65.05 OK
r-devel-osx-x86_64-clang 0.6-1 74.33 OK
r-devel-windows-ix86+x86_64 0.6-1 18.00 62.00 80.00 OK
r-patched-linux-x86_64 0.6-1 3.76 35.82 39.57 OK
r-patched-solaris-sparc 0.6-1 450.10 OK
r-patched-solaris-x86 0.6-1 97.70 OK
r-release-linux-ix86 0.6-1 4.44 48.45 52.89 OK
r-release-linux-x86_64 0.6-1 3.73 35.26 38.99 OK
r-release-osx-x86_64-mavericks 0.6-1 OK
r-release-osx-x86_64-snowleopard 0.6-1 OK
r-release-windows-ix86+x86_64 0.6-1 20.00 76.00 96.00 OK
r-oldrel-windows-ix86+x86_64 0.6-1 15.00 78.00 93.00 WARN

Check Details

Version: 0.6-1
Check: for code/documentation mismatches
Result: WARN
    Data codoc mismatches from documentation object 'ArcticLake':
    Variables in data frame 'ArcticLake'
     Code: clay depth sand silt
     Docs: \code{clay \code{silt} depth sand}
    
    Data codoc mismatches from documentation object 'BloodSamples':
    Variables in data frame 'BloodSamples'
     Code: Albumin Disease Globulin.A Globulin.B New Pre.Albumin
     Docs: Albumin} Disease New \code{Globulin.A} \code{Globulin.B
     \code{Pre.Albumin}
    
    Data codoc mismatches from documentation object 'Rocks':
    Variables in data frame 'Rocks'
     Code: Albite Blandite Cornite Daubite Endite depth porosity type
     Docs: Albite} \code{Blandite} \code{Cornite} \code{Daubite}
     \code{Endite depth porosity type
Flavor: r-oldrel-windows-ix86+x86_64