Last updated on 2015-02-05 23:50:22.
Flavor | Version | Tinstall | Tcheck | Ttotal | Status | Flags |
---|---|---|---|---|---|---|
r-devel-linux-x86_64-debian-clang | 1.0 | 4.82 | 38.41 | 43.24 | NOTE | |
r-devel-linux-x86_64-debian-gcc | 1.0 | 3.82 | 38.73 | 42.55 | NOTE | |
r-devel-linux-x86_64-fedora-clang | 1.0 | 89.37 | NOTE | |||
r-devel-linux-x86_64-fedora-gcc | 1.0 | 83.83 | NOTE | |||
r-devel-osx-x86_64-clang | 1.0 | 80.91 | NOTE | |||
r-devel-windows-ix86+x86_64 | 1.0 | 15.00 | 61.00 | 76.00 | NOTE | |
r-patched-linux-x86_64 | 1.0 | 5.48 | 53.11 | 58.59 | NOTE | |
r-patched-solaris-sparc | 1.0 | 257.40 | NOTE | |||
r-patched-solaris-x86 | 1.0 | 52.90 | NOTE | |||
r-release-linux-ix86 | 1.0 | 1.28 | 26.36 | 27.64 | NOTE | |
r-release-linux-x86_64 | 1.0 | 5.64 | 52.64 | 58.28 | NOTE | |
r-release-osx-x86_64-mavericks | 1.0 | NOTE | ||||
r-release-windows-ix86+x86_64 | 1.0 | 22.00 | 86.00 | 108.00 | NOTE | |
r-oldrel-windows-ix86+x86_64 | 1.0 | 14.00 | 80.00 | 94.00 | NOTE |
Version: 1.0
Check: dependencies in R code
Result: NOTE
Packages in Depends field not imported from:
‘car’ ‘prettyGraphs’
These packages need to be imported from (in the NAMESPACE file)
for when this namespace is loaded but not attached.
Flavors: r-devel-linux-x86_64-debian-clang, r-devel-linux-x86_64-debian-gcc, r-devel-linux-x86_64-fedora-clang, r-devel-linux-x86_64-fedora-gcc, r-devel-osx-x86_64-clang, r-devel-windows-ix86+x86_64
Version: 1.0
Check: S3 generic/method consistency
Result: NOTE
Found the following apparent S3 methods exported but not registered:
print.Cmat print.DistatisR print.Splus
See section ‘Registering S3 methods’ in the ‘Writing R Extensions’
manual.
Flavors: r-devel-linux-x86_64-debian-clang, r-devel-linux-x86_64-debian-gcc, r-devel-linux-x86_64-fedora-clang, r-devel-linux-x86_64-fedora-gcc, r-devel-osx-x86_64-clang
Version: 1.0
Check: R code for possible problems
Result: NOTE
GraphDistatisAll: no visible global function definition for
‘createColorVectorsByDesign’
GraphDistatisBoot: no visible global function definition for
‘createColorVectorsByDesign’
GraphDistatisBoot: no visible global function definition for
‘dataEllipse’
GraphDistatisBoot: no visible global function definition for
‘peeledHull’
GraphDistatisCompromise: no visible global function definition for
‘createColorVectorsByDesign’
GraphDistatisCompromise: no visible global function definition for
‘prettyPlot’
GraphDistatisPartial: no visible global function definition for
‘createColorVectorsByDesign’
GraphDistatisPartial: no visible global function definition for
‘prettyPlot’
GraphDistatisRv: no visible global function definition for
‘createColorVectorsByDesign’
GraphDistatisRv: no visible global function definition for ‘prettyPlot’
Flavors: r-devel-linux-x86_64-debian-clang, r-devel-linux-x86_64-debian-gcc, r-devel-linux-x86_64-fedora-clang, r-devel-linux-x86_64-fedora-gcc, r-devel-osx-x86_64-clang, r-devel-windows-ix86+x86_64, r-patched-linux-x86_64, r-patched-solaris-sparc, r-patched-solaris-x86, r-release-linux-ix86, r-release-linux-x86_64, r-release-osx-x86_64-mavericks, r-release-windows-ix86+x86_64
Version: 1.0
Check: dependencies in R code
Result: NOTE
Packages in Depends field not imported from:
‘car’ ‘prettyGraphs’
These packages need to be imported from (in the NAMESPACE file)
for when this namespace is loaded but not attached.
See the information on DESCRIPTION files in the chapter ‘Creating R
packages’ of the ‘Writing R Extensions’ manual.
Flavors: r-patched-linux-x86_64, r-patched-solaris-sparc, r-patched-solaris-x86, r-release-linux-ix86, r-release-linux-x86_64, r-release-osx-x86_64-mavericks, r-release-windows-ix86+x86_64, r-oldrel-windows-ix86+x86_64