CRAN Package Check Results for Package ElemStatLearn

Last updated on 2015-02-05 23:50:22.

Flavor Version Tinstall Tcheck Ttotal Status Flags
r-devel-linux-x86_64-debian-clang 2012.04-0 24.94 110.08 135.02 WARN
r-devel-linux-x86_64-debian-gcc 2012.04-0 24.76 113.62 138.38 WARN
r-devel-linux-x86_64-fedora-clang 2012.04-0 257.58 WARN
r-devel-linux-x86_64-fedora-gcc 2012.04-0 260.40 WARN
r-devel-osx-x86_64-clang 2012.04-0 221.52 WARN
r-devel-windows-ix86+x86_64 2012.04-0 49.00 148.00 197.00 WARN
r-patched-linux-x86_64 2012.04-0 24.80 140.44 165.25 WARN
r-patched-solaris-sparc 2012.04-0 1472.90 WARN
r-patched-solaris-x86 2012.04-0 303.00 WARN
r-release-linux-ix86 2012.04-0 29.96 146.80 176.76 WARN
r-release-linux-x86_64 2012.04-0 26.42 139.22 165.64 WARN
r-release-osx-x86_64-mavericks 2012.04-0 WARN
r-release-windows-ix86+x86_64 2012.04-0 54.00 182.00 236.00 WARN
r-oldrel-windows-ix86+x86_64 2012.04-0 57.00 130.00 187.00 NOTE

Check Details

Version: 2012.04-0
Check: installed package size
Result: NOTE
     installed size is 11.7Mb
     sub-directories of 1Mb or more:
     data 11.5Mb
Flavors: r-devel-linux-x86_64-debian-clang, r-devel-linux-x86_64-debian-gcc, r-devel-linux-x86_64-fedora-clang, r-devel-linux-x86_64-fedora-gcc, r-devel-osx-x86_64-clang, r-devel-windows-ix86+x86_64, r-patched-linux-x86_64, r-patched-solaris-sparc, r-patched-solaris-x86, r-release-linux-ix86, r-release-linux-x86_64, r-release-osx-x86_64-mavericks, r-release-windows-ix86+x86_64, r-oldrel-windows-ix86+x86_64

Version: 2012.04-0
Check: for code/documentation mismatches
Result: WARN
    Data codoc mismatches from documentation object 'marketing':
    Variables in data frame 'marketing'
     Code: Age Dual_Income Edu Ethnic Home_Type Household Householdu18
     Income Language Lived Marital Occupation Sex Status
     Docs: Age Dual\_Income Edu Ethnic Home\_Type Household Householdu18
     Income Language Lived Marital Occupation Sex Status
Flavors: r-devel-linux-x86_64-debian-clang, r-devel-linux-x86_64-debian-gcc, r-devel-linux-x86_64-fedora-clang, r-devel-linux-x86_64-fedora-gcc, r-devel-osx-x86_64-clang, r-devel-windows-ix86+x86_64, r-patched-linux-x86_64, r-patched-solaris-sparc, r-patched-solaris-x86, r-release-linux-ix86, r-release-linux-x86_64, r-release-osx-x86_64-mavericks, r-release-windows-ix86+x86_64