CRAN Package Check Results for Package ExpDes.pt

Last updated on 2015-02-05 23:50:23.

Flavor Version Tinstall Tcheck Ttotal Status Flags
r-devel-linux-x86_64-debian-clang 1.1.2 1.04 40.77 41.81 NOTE
r-devel-linux-x86_64-debian-gcc 1.1.2 1.01 39.54 40.55 NOTE
r-devel-linux-x86_64-fedora-clang 1.1.2 79.93 NOTE
r-devel-linux-x86_64-fedora-gcc 1.1.2 75.70 NOTE
r-devel-osx-x86_64-clang 1.1.2 77.34 OK
r-devel-windows-ix86+x86_64 1.1.2 6.00 48.00 54.00 OK
r-patched-linux-x86_64 1.1.2 1.08 46.77 47.86 NOTE
r-patched-solaris-sparc 1.1.2 500.20 OK
r-patched-solaris-x86 1.1.2 94.20 OK
r-release-linux-ix86 1.1.2 1.46 51.18 52.64 NOTE
r-release-linux-x86_64 1.1.2 1.13 42.76 43.89 NOTE
r-release-osx-x86_64-mavericks 1.1.2 OK
r-release-windows-ix86+x86_64 1.1.2 4.00 57.00 61.00 OK
r-oldrel-windows-ix86+x86_64 1.1.2 3.00 58.00 61.00 OK

Check Details

Version: 1.1.2
Check: top-level files
Result: NOTE
    Non-standard file/directory found at top level:
     ‘ExpDes.pt-Ex.R’
Flavors: r-devel-linux-x86_64-debian-clang, r-devel-linux-x86_64-debian-gcc, r-devel-linux-x86_64-fedora-clang, r-devel-linux-x86_64-fedora-gcc, r-patched-linux-x86_64, r-release-linux-ix86, r-release-linux-x86_64

Version: 1.1.2
Check: Rd line widths
Result: NOTE
    Rd file 'fat2.ad.dbc.Rd':
     \usage lines wider than 90 characters:
     fat2.ad.dbc(fator1, fator2, bloco, resp, respAd, quali = c(TRUE, TRUE), mcomp = "tukey", fac.names = c("F1", "F2"), sigT = 0.05, sigF = ... [TRUNCATED]
     \examples lines wider than 100 characters:
     fat2.ad.dbc(periodo, nivel, bloco, est21, est21Ad, quali = c(TRUE, FALSE), mcomp = "sk", fac.names = c("Periodo", "Nivel"), sigT = 0.05 ... [TRUNCATED]
    
    Rd file 'fat2.ad.dic.Rd':
     \usage lines wider than 90 characters:
     fat2.ad.dic(fator1, fator2, repet, resp, respAd, quali = c(TRUE, TRUE), mcomp = "tukey", fac.names = c("F1", "F2"), sigT = 0.05, sigF = ... [TRUNCATED]
     \examples lines wider than 100 characters:
     fat2.ad.dic(inoculante, biodiesel, vaso, seca, secaAd, quali = c(TRUE,FALSE), mcomp = "tukey", fac.names = c("Inoculante", "Biodiesel") ... [TRUNCATED]
    
    Rd file 'fat2.dbc.Rd':
     \usage lines wider than 90 characters:
     fat2.dbc(fator1, fator2, bloco, resp, quali = c(TRUE, TRUE), mcomp = "tukey", fac.names = c("F1", "F2"), sigT = 0.05, sigF = 0.05)
     \examples lines wider than 100 characters:
     fat2.dbc(trat, genero, bloco, sabor, quali=c(TRUE,TRUE), mcomp="lsd", fac.names=c("Amostras","Genero"), sigT = 0.05, sigF = 0.05)
    
    Rd file 'fat2.dic.Rd':
     \usage lines wider than 90 characters:
     fat2.dic(fator1, fator2, resp, quali = c(TRUE, TRUE), mcomp = "tukey", fac.names = c("F1", "F2"), sigT = 0.05, sigF = 0.05)
     \examples lines wider than 100 characters:
     fat2.dic(revol,esterco,zn,quali=c(FALSE,TRUE),mcomp="tukey",fac.names=c("Revolvimento","Esterco"),sigT = 0.05, sigF = 0.05)
    
    Rd file 'fat3.ad.dbc.Rd':
     \usage lines wider than 90 characters:
     fat3.ad.dbc(fator1, fator2, fator3, bloco, resp, respAd, quali = c(TRUE, TRUE, TRUE), mcomp = "tukey", fac.names = c("F1", "F2", "F3"), ... [TRUNCATED]
     \examples lines wider than 100 characters:
     fat3.ad.dbc(fatorA, fatorB, fatorC, rep, resp, respAd, quali = c(TRUE, TRUE, TRUE), mcomp = "snk", fac.names = c("Fator A", "Fator B", ... [TRUNCATED]
    
    Rd file 'fat3.ad.dic.Rd':
     \usage lines wider than 90 characters:
     fat3.ad.dic(fator1, fator2, fator3, repet, resp, respAd, quali = c(TRUE, TRUE, TRUE), mcomp = "tukey", fac.names = c("F1", "F2", "F3"), ... [TRUNCATED]
     \examples lines wider than 100 characters:
     fat3.ad.dic(fatorA, fatorB, fatorC, rep, resp, respAd, quali = c(TRUE, TRUE, TRUE), mcomp = "duncan", fac.names = c("Fator A", "Fator B ... [TRUNCATED]
    
    Rd file 'fat3.dbc.Rd':
     \usage lines wider than 90 characters:
     fat3.dbc(fator1, fator2, fator3, bloco, resp, quali = c(TRUE, TRUE, TRUE), mcomp = "tukey", fac.names = c("F1", "F2", "F3"), sigT = 0.0 ... [TRUNCATED]
     \examples lines wider than 100 characters:
     fat3.dbc(fatorA, fatorB, fatorC, rep, resp, quali = c(TRUE, TRUE, TRUE), mcomp = "tukey", fac.names = c("Fator A", "Fator B", "Fator C" ... [TRUNCATED]
    
    Rd file 'fat3.dic.Rd':
     \usage lines wider than 90 characters:
     fat3.dic(fator1, fator2, fator3, resp, quali = c(TRUE, TRUE, TRUE), mcomp = "tukey", fac.names = c("F1", "F2", "F3"), sigT = 0.05, sigF ... [TRUNCATED]
     \examples lines wider than 100 characters:
     fat3.dic(fatorA, fatorB, fatorC, resp, quali = c(TRUE, TRUE, TRUE), mcomp = "lsdb", fac.names = c("Fator A", "Fator B", "Fator C"), sig ... [TRUNCATED]
    
    Rd file 'psub2.dbc.Rd':
     \usage lines wider than 90 characters:
     psub2.dbc(fator1, fator2, bloco, resp, quali = c(TRUE, TRUE), mcomp = "tukey", fac.names = c("F1", "F2"), sigT = 0.05, sigF = 0.05)
     \examples lines wider than 100 characters:
     psub2.dbc(trat, dose, rep, resp, quali = c(TRUE, FALSE), mcomp = "tukey", fac.names = c("Tratamento", "Dose"), sigT = 0.05, sigF = 0.05 ... [TRUNCATED]
    
    Rd file 'psub2.dic.Rd':
     \usage lines wider than 90 characters:
     psub2.dic(fator1, fator2, repet, resp, quali = c(TRUE, TRUE), mcomp = "tukey", fac.names = c("F1", "F2"), sigT = 0.05, sigF = 0.05)
     \examples lines wider than 100 characters:
     psub2.dic(cobertura, prof, rep, pH, quali = c(TRUE, TRUE), mcomp = "lsd", fac.names = c("Cobertura", "Profundidade"), sigT = 0.05, sigF ... [TRUNCATED]
    
    These lines will be truncated in the PDF manual.
Flavors: r-devel-linux-x86_64-debian-clang, r-devel-linux-x86_64-debian-gcc, r-devel-linux-x86_64-fedora-clang, r-devel-linux-x86_64-fedora-gcc, r-patched-linux-x86_64, r-release-linux-ix86, r-release-linux-x86_64