Last updated on 2015-02-05 23:50:23.
Flavor | Version | Tinstall | Tcheck | Ttotal | Status | Flags |
---|---|---|---|---|---|---|
r-devel-linux-x86_64-debian-clang | 0.0-5 | 3.38 | 108.92 | 112.30 | NOTE | |
r-devel-linux-x86_64-debian-gcc | 0.0-5 | 3.14 | 108.61 | 111.76 | NOTE | |
r-devel-linux-x86_64-fedora-clang | 0.0-5 | 239.87 | NOTE | |||
r-devel-linux-x86_64-fedora-gcc | 0.0-5 | 233.41 | NOTE | |||
r-devel-osx-x86_64-clang | 0.0-5 | 207.88 | NOTE | |||
r-devel-windows-ix86+x86_64 | 0.0-5 | 12.00 | 161.00 | 173.00 | NOTE | |
r-patched-linux-x86_64 | 0.0-5 | 4.50 | 125.73 | 130.23 | NOTE | |
r-patched-solaris-sparc | 0.0-5 | 2003.30 | NOTE | |||
r-patched-solaris-x86 | 0.0-5 | 358.10 | NOTE | |||
r-release-linux-ix86 | 0.0-5 | 5.30 | 156.40 | 161.70 | NOTE | |
r-release-linux-x86_64 | 0.0-5 | 4.32 | 128.49 | 132.81 | NOTE | |
r-release-osx-x86_64-mavericks | 0.0-5 | NOTE | ||||
r-release-osx-x86_64-snowleopard | 0.0-5 | NOTE | ||||
r-release-windows-ix86+x86_64 | 0.0-5 | 18.00 | 188.00 | 206.00 | NOTE | |
r-oldrel-windows-ix86+x86_64 | 0.0-5 | 15.00 | 179.00 | 194.00 | NOTE |
Version: 0.0-5
Check: dependencies in R code
Result: NOTE
Unexported objects imported by ':::' calls:
‘mboost:::Complete.cases’ ‘mboost:::bl_lin’ ‘mboost:::bsplines’
‘mboost:::cbs’ ‘mboost:::df2lambda’ ‘mboost:::get_index’
‘mboost:::hyper_bbs’ ‘mboost:::isMATRIX’
See the note in ?`:::` about the use of this operator.
Flavors: r-devel-linux-x86_64-debian-clang, r-devel-linux-x86_64-debian-gcc, r-devel-linux-x86_64-fedora-clang, r-devel-linux-x86_64-fedora-gcc, r-devel-osx-x86_64-clang, r-devel-windows-ix86+x86_64
Version: 0.0-5
Check: R code for possible problems
Result: NOTE
validateFDboost : dummyfct: no visible global function definition for
‘mclapply’
validateFDboost: no visible global function definition for ‘mclapply’
Flavors: r-devel-linux-x86_64-debian-clang, r-devel-linux-x86_64-debian-gcc, r-devel-linux-x86_64-fedora-clang, r-devel-linux-x86_64-fedora-gcc, r-devel-osx-x86_64-clang, r-devel-windows-ix86+x86_64, r-patched-linux-x86_64, r-patched-solaris-sparc, r-patched-solaris-x86, r-release-linux-ix86, r-release-linux-x86_64, r-release-osx-x86_64-mavericks, r-release-windows-ix86+x86_64
Version: 0.0-5
Check: dependencies in R code
Result: NOTE
Unexported objects imported by ':::' calls:
‘mboost:::Complete.cases’ ‘mboost:::bl_lin’ ‘mboost:::bsplines’
‘mboost:::cbs’ ‘mboost:::df2lambda’ ‘mboost:::get_index’
‘mboost:::hyper_bbs’ ‘mboost:::isMATRIX’
See the note in ?`:::` about the use of this operator.
See the information on DESCRIPTION files in the chapter ‘Creating R
packages’ of the ‘Writing R Extensions’ manual.
Flavors: r-patched-linux-x86_64, r-patched-solaris-sparc, r-patched-solaris-x86, r-release-linux-ix86, r-release-linux-x86_64, r-release-osx-x86_64-mavericks, r-release-osx-x86_64-snowleopard, r-release-windows-ix86+x86_64, r-oldrel-windows-ix86+x86_64