Last updated on 2015-02-05 23:50:23.
Flavor | Version | Tinstall | Tcheck | Ttotal | Status | Flags |
---|---|---|---|---|---|---|
r-devel-linux-x86_64-debian-clang | 1.1.1 | 1.24 | 15.12 | 16.36 | OK | |
r-devel-linux-x86_64-debian-gcc | 1.1.1 | 1.28 | 14.60 | 15.88 | OK | |
r-devel-linux-x86_64-fedora-clang | 1.1.1 | 32.22 | OK | |||
r-devel-linux-x86_64-fedora-gcc | 1.1.1 | 16.32 | OK | |||
r-devel-osx-x86_64-clang | 1.1.1 | 33.59 | OK | |||
r-devel-windows-ix86+x86_64 | 1.1.1 | 11.00 | 47.00 | 58.00 | OK | |
r-patched-linux-x86_64 | 1.1.1 | 1.40 | 16.34 | 17.74 | OK | |
r-patched-solaris-sparc | 1.1.1 | 191.80 | OK | |||
r-patched-solaris-x86 | 1.1.1 | 40.40 | OK | |||
r-release-linux-ix86 | 1.1.0 | 1.86 | 23.70 | 25.56 | NOTE | |
r-release-linux-x86_64 | 1.1.1 | 1.37 | 16.60 | 17.97 | OK | |
r-release-osx-x86_64-mavericks | 1.1.1 | OK | ||||
r-release-osx-x86_64-snowleopard | 1.1.1 | OK | ||||
r-release-windows-ix86+x86_64 | 1.1.1 | 10.00 | 34.00 | 44.00 | OK | |
r-oldrel-windows-ix86+x86_64 | 1.1.1 | 11.00 | 37.00 | 48.00 | OK |
Version: 1.1.0
Check: top-level files
Result: NOTE
Non-standard file/directory found at top level:
‘FactoClass-Ex.R’
Flavor: r-release-linux-ix86
Version: 1.1.0
Check: dependencies in R code
Result: NOTE
'library' or 'require' call to ‘ade4’ which was already attached by Depends.
Please remove these calls from your code.
See the information on DESCRIPTION files in the chapter ‘Creating R
packages’ of the ‘Writing R Extensions’ manual.
Flavor: r-release-linux-ix86