Last updated on 2015-02-05 23:50:24.
Flavor | Version | Tinstall | Tcheck | Ttotal | Status | Flags |
---|---|---|---|---|---|---|
r-devel-linux-x86_64-debian-clang | 0.1 | 3.53 | 41.26 | 44.79 | NOTE | |
r-devel-linux-x86_64-debian-gcc | 0.1 | 3.22 | 39.48 | 42.70 | NOTE | |
r-devel-linux-x86_64-fedora-clang | 0.1 | 95.23 | NOTE | |||
r-devel-linux-x86_64-fedora-gcc | 0.1 | 89.51 | NOTE | |||
r-devel-osx-x86_64-clang | 0.1 | 86.12 | NOTE | |||
r-devel-windows-ix86+x86_64 | 0.1 | 12.00 | 57.00 | 69.00 | NOTE | |
r-patched-linux-x86_64 | 0.1 | 5.69 | 54.30 | 59.99 | NOTE | |
r-patched-solaris-sparc | 0.1 | 729.70 | NOTE | |||
r-patched-solaris-x86 | 0.1 | 171.00 | NOTE | |||
r-release-linux-ix86 | 0.1 | 5.40 | 62.60 | 68.00 | NOTE | |
r-release-linux-x86_64 | 0.1 | 4.66 | 53.20 | 57.86 | NOTE | |
r-release-osx-x86_64-mavericks | 0.1 | NOTE | ||||
r-release-osx-x86_64-snowleopard | 0.1 | OK | ||||
r-release-windows-ix86+x86_64 | 0.1 | 20.00 | 79.00 | 99.00 | NOTE | |
r-oldrel-windows-ix86+x86_64 | 0.1 | 14.00 | 73.00 | 87.00 | OK |
Version: 0.1
Check: R code for possible problems
Result: NOTE
foreca.EM: no visible global function definition for ‘Null’
Flavors: r-devel-linux-x86_64-debian-clang, r-devel-linux-x86_64-debian-gcc, r-devel-linux-x86_64-fedora-clang, r-devel-linux-x86_64-fedora-gcc, r-devel-osx-x86_64-clang, r-devel-windows-ix86+x86_64, r-patched-linux-x86_64, r-patched-solaris-sparc, r-patched-solaris-x86, r-release-linux-ix86, r-release-linux-x86_64, r-release-osx-x86_64-mavericks, r-release-windows-ix86+x86_64