Last updated on 2015-02-05 23:50:24.
Flavor | Version | Tinstall | Tcheck | Ttotal | Status | Flags |
---|---|---|---|---|---|---|
r-devel-linux-x86_64-debian-clang | 1.2-0 | 0.56 | 14.78 | 15.34 | OK | |
r-devel-linux-x86_64-debian-gcc | 1.2-0 | 0.55 | 14.39 | 14.94 | OK | |
r-devel-linux-x86_64-fedora-clang | 1.2-0 | 30.09 | OK | |||
r-devel-linux-x86_64-fedora-gcc | 1.2-0 | 29.43 | OK | |||
r-devel-osx-x86_64-clang | 1.2-0 | 48.27 | OK | |||
r-devel-windows-ix86+x86_64 | 1.2-0 | 4.00 | 26.00 | 30.00 | OK | |
r-patched-linux-x86_64 | 1.2-0 | 0.64 | 14.88 | 15.53 | OK | |
r-patched-solaris-sparc | 1.2-0 | 174.80 | OK | |||
r-patched-solaris-x86 | 1.2-0 | 48.40 | OK | |||
r-release-linux-ix86 | 1.2-0 | 0.90 | 24.06 | 24.96 | OK | |
r-release-linux-x86_64 | 1.2-0 | 0.60 | 14.94 | 15.54 | OK | |
r-release-osx-x86_64-mavericks | 1.2-0 | NOTE | ||||
r-release-osx-x86_64-snowleopard | 1.2-0 | OK | ||||
r-release-windows-ix86+x86_64 | 1.2-0 | 3.00 | 28.00 | 31.00 | OK | |
r-oldrel-windows-ix86+x86_64 | 1.2-0 | 4.00 | 28.00 | 32.00 | OK |
Version: 1.2-0
Check: re-building of vignette outputs
Result: NOTE
Error in re-building vignettes:
...
Error in texi2dvi(file = file, pdf = TRUE, clean = clean, quiet = quiet, :
Running 'texi2dvi' on 'Formula.tex' failed.
LaTeX errors:
! LaTeX Error: Missing \begin{document}.
See the LaTeX manual or LaTeX Companion for explanation.
Type H <return> for immediate help.
...
! Undefined control sequence.
l.22 p<81>'<f6>^^\<f3>`<cc><e9><e7><c0>^^Sa<ee>yB<b0><81><c4>q<9c><fe>7<f2><e7><8a>9/<db><de><fc><b4>\<f1>
<fd>ޫ<9d><c6>E<80><82><f4>^^V<e7>^^\<b8>^^G^^Y0<c6>hG<0b>^^W<87><cc>...
The control sequence at the end of the top line
of your error message was never \def'ed. If you have
! Missing $ inserted.
<inserted text>
$
l.23 ...G<9e>3<97><cb><cd><cc><cc><d4>j5<ac><93>B<a1><b0><b0><b0>P(^^T^^R<89><84>a^^X<aa><aa>nmm)<8a><e2>y^
<a5>Ra<8c>U*^^U^^\<c3>i<b7><db><c8>|2<c6><f0><ab>^^P<e2>...
! Undefined control sequence.
l.23 ...Ra<8c>U*^^U^^\<c3>i<b7><db><c8>|2<c6><f0><ab>^^P<e2>ѣG<b3><b3><b3>B<88>X,<96><c
Calls: buildVignettes -> texi2pdf -> texi2dvi
Execution halted
Flavor: r-release-osx-x86_64-mavericks