Last updated on 2015-02-05 23:50:24.
Flavor | Version | Tinstall | Tcheck | Ttotal | Status | Flags |
---|---|---|---|---|---|---|
r-devel-linux-x86_64-debian-clang | 1.09 | 19.80 | 29.99 | 49.79 | NOTE | |
r-devel-linux-x86_64-debian-gcc | 1.09 | 19.38 | 30.33 | 49.71 | NOTE | |
r-devel-linux-x86_64-fedora-clang | 1.09 | 100.36 | NOTE | |||
r-devel-linux-x86_64-fedora-gcc | 1.09 | 95.89 | NOTE | |||
r-devel-osx-x86_64-clang | 1.09 | 98.10 | NOTE | |||
r-devel-windows-ix86+x86_64 | 1.09 | 43.00 | 44.00 | 87.00 | NOTE | |
r-patched-linux-x86_64 | 1.09 | 19.85 | 35.55 | 55.40 | NOTE | |
r-patched-solaris-sparc | 1.09 | 707.50 | NOTE | |||
r-patched-solaris-x86 | 1.09 | 171.70 | NOTE | |||
r-release-linux-ix86 | 1.09 | 26.03 | 46.96 | 72.99 | NOTE | |
r-release-linux-x86_64 | 1.09 | 20.04 | 35.71 | 55.75 | NOTE | |
r-release-osx-x86_64-mavericks | 1.09 | NOTE | ||||
r-release-windows-ix86+x86_64 | 1.09 | 48.00 | 55.00 | 103.00 | NOTE | |
r-oldrel-windows-ix86+x86_64 | 1.09 | 32.00 | 57.00 | 89.00 | NOTE |
Version: 1.09
Check: top-level files
Result: NOTE
Non-standard file/directory found at top level:
‘copying’
Flavors: r-devel-linux-x86_64-debian-clang, r-devel-linux-x86_64-debian-gcc, r-devel-linux-x86_64-fedora-clang, r-devel-linux-x86_64-fedora-gcc, r-patched-linux-x86_64, r-release-linux-ix86, r-release-linux-x86_64
Version: 1.09
Check: R code for possible problems
Result: NOTE
NB: .First.lib is obsolete and will not be used in R >= 3.0.0
File ‘FunCluster/R/FunCluster.R’:
.First.lib calls:
cat(paste("\nThis is FunCluster package version ", f.version, " maintained by Corneliu Henegar.\n\n", "FunCluster(wd='', org='HS', go.direct=FALSE, clusterm='cc', compare='common.correl.genes',\n", "\tcorr.met='greedy', corr.th=0.85, two.lists=TRUE, restrict=FALSE, alpha=0.05,\n", "\tlocation=FALSE, details=FALSE)\n\n", sep = ""))
Package startup functions should use ‘packageStartupMessage’ to
generate messages.
See section ‘Good practice’ in '?.onAttach'.
MiseEnFormeKegg: warning in gl(1, NbKmap, label = LL): partial argument
match of ‘label’ to ‘labels’
MiseEnFormeKeggSC: warning in gl(1, NbKmap, label = LL): partial
argument match of ‘label’ to ‘labels’
prop.alt: warning in matrix(seq(from = adjustment.args$edf.lower, by =
stepsize, len = adjustment.args$num.steps), nr =
adjustment.args$num.steps, nc = 1): partial argument match of ‘nr’ to
‘nrow’
prop.alt: warning in matrix(seq(from = adjustment.args$edf.lower, by =
stepsize, len = adjustment.args$num.steps), nr =
adjustment.args$num.steps, nc = 1): partial argument match of ‘nc’ to
‘ncol’
Flavors: r-devel-linux-x86_64-debian-clang, r-devel-linux-x86_64-debian-gcc, r-devel-linux-x86_64-fedora-clang, r-devel-linux-x86_64-fedora-gcc, r-devel-osx-x86_64-clang, r-devel-windows-ix86+x86_64, r-patched-linux-x86_64, r-patched-solaris-sparc, r-patched-solaris-x86, r-release-linux-ix86, r-release-linux-x86_64, r-release-osx-x86_64-mavericks, r-release-windows-ix86+x86_64, r-oldrel-windows-ix86+x86_64