CRAN Package Check Results for Package FunctionalNetworks

Last updated on 2015-02-05 23:50:24.

Flavor Version Tinstall Tcheck Ttotal Status Flags
r-devel-linux-x86_64-debian-clang 1.0.0 2.94 20.22 23.16 OK
r-devel-linux-x86_64-debian-gcc 1.0.0 2.75 19.17 21.92 OK
r-devel-linux-x86_64-fedora-clang 1.0.0 45.10 OK
r-devel-linux-x86_64-fedora-gcc 1.0.0 42.50 OK
r-devel-osx-x86_64-clang 1.0.0 49.40 OK
r-devel-windows-ix86+x86_64 1.0.0 13.00 39.00 52.00 OK
r-patched-linux-x86_64 1.0.0 3.06 22.44 25.50 OK
r-patched-solaris-sparc 1.0.0 303.50 OK
r-patched-solaris-x86 1.0.0 70.50 OK
r-release-linux-ix86 1.0.0 3.44 30.63 34.07 OK
r-release-linux-x86_64 1.0.0 3.06 22.43 25.49 OK
r-release-osx-x86_64-mavericks 1.0.0 ERROR
r-release-osx-x86_64-snowleopard 1.0.0 ERROR
r-release-windows-ix86+x86_64 1.0.0 11.00 42.00 53.00 OK
r-oldrel-windows-ix86+x86_64 1.0.0 10.00 56.00 66.00 OK

Check Details

Version: 1.0.0
Check: package dependencies
Result: ERROR
    Package required but not available: ‘breastCancerVDX’
    
    See the information on DESCRIPTION files in the chapter ‘Creating R
    packages’ of the ‘Writing R Extensions’ manual.
Flavors: r-release-osx-x86_64-mavericks, r-release-osx-x86_64-snowleopard