Last updated on 2015-02-05 23:50:24.
Flavor | Version | Tinstall | Tcheck | Ttotal | Status | Flags |
---|---|---|---|---|---|---|
r-devel-linux-x86_64-debian-clang | 1.0.2 | 38.02 | 77.60 | 115.62 | OK | |
r-devel-linux-x86_64-debian-gcc | 1.0.2 | 42.62 | 76.06 | 118.69 | OK | |
r-devel-linux-x86_64-fedora-clang | 1.0.2 | 218.90 | OK | |||
r-devel-linux-x86_64-fedora-gcc | 1.0.2 | 203.63 | OK | |||
r-devel-osx-x86_64-clang | 1.0.2 | 185.74 | OK | |||
r-devel-windows-ix86+x86_64 | 1.0.2 | 174.00 | 187.00 | 361.00 | WARN | |
r-patched-linux-x86_64 | 1.0.2 | 44.68 | 97.44 | 142.12 | OK | |
r-patched-solaris-sparc | 1.0.2 | 1629.10 | OK | |||
r-patched-solaris-x86 | 1.0.2 | 360.30 | OK | |||
r-release-linux-ix86 | 1.0.2 | 53.29 | 112.04 | 165.33 | OK | |
r-release-linux-x86_64 | 1.0.2 | 44.61 | 95.99 | 140.60 | OK | |
r-release-osx-x86_64-mavericks | 1.0.2 | OK | ||||
r-release-osx-x86_64-snowleopard | 1.0.2 | ERROR | ||||
r-release-windows-ix86+x86_64 | 1.0.2 | 187.00 | 208.00 | 395.00 | WARN | |
r-oldrel-windows-ix86+x86_64 | 1.0 | 22.00 | 1.00 | 23.00 | ERROR |
Version: 1.0.2
Check: whether package can be installed
Result: WARN
Found the following significant warnings:
fondateur.cpp:1315:67: warning: too many arguments for format [-Wformat-extra-args]
fondateur.cpp:1353:28: warning: too many arguments for format [-Wformat-extra-args]
Flavors: r-devel-windows-ix86+x86_64, r-release-windows-ix86+x86_64
Version: 1.0.2
Check: whether package can be installed
Result: ERROR
Installation failed.
Flavor: r-release-osx-x86_64-snowleopard
Version: 1.0
Check: whether package can be installed
Result: ERROR
Installation failed.
Flavor: r-oldrel-windows-ix86+x86_64