CRAN Package Check Results for Package GGIR

Last updated on 2015-02-05 23:50:24.

Flavor Version Tinstall Tcheck Ttotal Status Flags
r-devel-linux-x86_64-debian-clang 1.1-4 0.94 29.51 30.45 NOTE
r-devel-linux-x86_64-debian-gcc 1.1-4 0.83 29.23 30.06 NOTE
r-devel-linux-x86_64-fedora-clang 1.1-4 59.77 NOTE
r-devel-linux-x86_64-fedora-gcc 1.1-4 55.21 NOTE
r-devel-osx-x86_64-clang 1.1-4 63.74 NOTE
r-devel-windows-ix86+x86_64 1.1-4 4.00 46.00 50.00 NOTE
r-patched-linux-x86_64 1.1-4 0.89 31.68 32.56 OK
r-patched-solaris-sparc 1.1-4 372.20 OK
r-patched-solaris-x86 1.1-4 86.00 OK
r-release-linux-ix86 1.1-4 1.33 39.80 41.12 OK
r-release-linux-x86_64 1.1-4 0.98 32.04 33.02 OK
r-release-osx-x86_64-mavericks 1.1-4 OK
r-release-osx-x86_64-snowleopard 1.1-4 OK
r-release-windows-ix86+x86_64 1.1-4 5.00 45.00 50.00 OK
r-oldrel-windows-ix86+x86_64 1.1-4 4.00 45.00 49.00 OK

Check Details

Version: 1.1-4
Check: dependencies in R code
Result: NOTE
    'library' or 'require' calls in package code:
     ‘GENEAread’ ‘MASS’ ‘bitops’ ‘matlab’ ‘mmap’ ‘signal’ ‘zoo’
     Please use :: or requireNamespace() instead.
     See section 'Suggested packages' in the 'Writing R Extensions' manual.
Flavors: r-devel-linux-x86_64-debian-clang, r-devel-linux-x86_64-debian-gcc, r-devel-linux-x86_64-fedora-clang, r-devel-linux-x86_64-fedora-gcc, r-devel-osx-x86_64-clang, r-devel-windows-ix86+x86_64