CRAN Package Check Results for Package GPCSIV

Last updated on 2015-02-05 23:50:25.

Flavor Version Tinstall Tcheck Ttotal Status Flags
r-devel-linux-x86_64-debian-clang 0.1.0 1.28 19.91 21.19 NOTE
r-devel-linux-x86_64-debian-gcc 0.1.0 1.23 18.78 20.01 NOTE
r-devel-linux-x86_64-fedora-clang 0.1.0 39.88 NOTE
r-devel-linux-x86_64-fedora-gcc 0.1.0 36.84 NOTE
r-devel-osx-x86_64-clang 0.1.0 50.77 NOTE
r-devel-windows-ix86+x86_64 0.1.0 6.00 30.00 36.00 NOTE
r-patched-linux-x86_64 0.1.0 1.61 24.02 25.62 NOTE
r-patched-solaris-sparc 0.1.0 290.80 NOTE
r-patched-solaris-x86 0.1.0 72.00 NOTE
r-release-linux-ix86 0.1.0 2.06 32.12 34.18 NOTE
r-release-linux-x86_64 0.1.0 1.52 23.34 24.87 NOTE
r-release-osx-x86_64-mavericks 0.1.0 NOTE
r-release-osx-x86_64-snowleopard 0.1.0 OK
r-release-windows-ix86+x86_64 0.1.0 9.00 42.00 51.00 NOTE
r-oldrel-windows-ix86+x86_64 0.1.0 9.00 35.00 44.00 ERROR

Check Details

Version: 0.1.0
Check: package namespace information
Result: NOTE
     Namespaces with empty importFrom:
     ‘scatterplot3d’ ‘sqldf’
Flavors: r-devel-linux-x86_64-debian-clang, r-devel-linux-x86_64-debian-gcc, r-devel-linux-x86_64-fedora-clang, r-devel-linux-x86_64-fedora-gcc, r-devel-osx-x86_64-clang, r-devel-windows-ix86+x86_64, r-patched-linux-x86_64, r-patched-solaris-sparc, r-patched-solaris-x86, r-release-linux-ix86, r-release-linux-x86_64, r-release-osx-x86_64-mavericks, r-release-windows-ix86+x86_64

Version: 0.1.0
Check: R code for possible problems
Result: NOTE
    Resdata : prepdata: no visible global function definition for ‘sqldf’
    gpca : Build3d: no visible global function definition for
     ‘scatterplot3d’
    gpca: no visible global function definition for ‘scatterplot3d’
Flavors: r-devel-linux-x86_64-debian-clang, r-devel-linux-x86_64-debian-gcc, r-devel-linux-x86_64-fedora-clang, r-devel-linux-x86_64-fedora-gcc, r-devel-osx-x86_64-clang, r-devel-windows-ix86+x86_64, r-patched-linux-x86_64, r-patched-solaris-sparc, r-patched-solaris-x86, r-release-linux-ix86, r-release-linux-x86_64, r-release-osx-x86_64-mavericks, r-release-windows-ix86+x86_64

Version: 0.1.0
Check: examples
Result: ERROR
    Running examples in 'GPCSIV-Ex.R' failed
    The error most likely occurred in:
    
    > ### Name: Resdata
    > ### Title: class of objects 'Resdata'
    > ### Aliases: Resdata
    >
    > ### ** Examples
    >
    > data(video1)
    > data(video2)
    > data(video3)
    > preparation2<-Resdata(list(video1,video2,video3))
    Error in if (.allows_extensions(db)) { :
     missing value where TRUE/FALSE needed
    Calls: Resdata -> prepdata -> sqldf -> init_extensions
    Execution halted
Flavor: r-oldrel-windows-ix86+x86_64