Last updated on 2015-02-05 23:50:26.
Flavor | Version | Tinstall | Tcheck | Ttotal | Status | Flags |
---|---|---|---|---|---|---|
r-devel-linux-x86_64-debian-clang | 1.0.5 | 1.35 | 51.76 | 53.11 | NOTE | |
r-devel-linux-x86_64-debian-gcc | 1.0.5 | 1.69 | 49.20 | 50.89 | NOTE | |
r-devel-linux-x86_64-fedora-clang | 1.0.5 | 91.61 | NOTE | |||
r-devel-linux-x86_64-fedora-gcc | 1.0.5 | 90.84 | NOTE | |||
r-devel-osx-x86_64-clang | 1.0.5 | 83.71 | NOTE | |||
r-devel-windows-ix86+x86_64 | 1.0.5 | 14.00 | 96.00 | 110.00 | NOTE | |
r-patched-linux-x86_64 | 1.0.5 | 1.77 | 53.06 | 54.83 | OK | |
r-patched-solaris-sparc | 1.0.5 | 1296.20 | OK | |||
r-patched-solaris-x86 | 1.0.5 | 235.20 | OK | |||
r-release-linux-ix86 | 1.0.5 | 2.18 | 116.59 | 118.77 | OK | |
r-release-linux-x86_64 | 1.0.5 | 1.72 | 53.52 | 55.24 | OK | |
r-release-osx-x86_64-mavericks | 1.0.5 | OK | ||||
r-release-osx-x86_64-snowleopard | 1.0.5 | OK | ||||
r-release-windows-ix86+x86_64 | 1.0.5 | 17.00 | 107.00 | 124.00 | OK | |
r-oldrel-windows-ix86+x86_64 | 1.0.5 | 14.00 | 139.00 | 153.00 | OK |
Version: 1.0.5
Check: dependencies in R code
Result: NOTE
'library' or 'require' calls in package code:
‘adegenet’ ‘parallel’
Please use :: or requireNamespace() instead.
See section 'Suggested packages' in the 'Writing R Extensions' manual.
Flavors: r-devel-linux-x86_64-debian-clang, r-devel-linux-x86_64-debian-gcc, r-devel-linux-x86_64-fedora-clang, r-devel-linux-x86_64-fedora-gcc, r-devel-osx-x86_64-clang, r-devel-windows-ix86+x86_64