Last updated on 2015-02-05 23:50:27.
Flavor | Version | Tinstall | Tcheck | Ttotal | Status | Flags |
---|---|---|---|---|---|---|
r-devel-linux-x86_64-debian-clang | 1.6 | 2.59 | 17.93 | 20.52 | OK | |
r-devel-linux-x86_64-debian-gcc | 1.6 | 3.97 | 17.37 | 21.34 | OK | |
r-devel-linux-x86_64-fedora-clang | 1.6 | 41.69 | OK | |||
r-devel-linux-x86_64-fedora-gcc | 1.6 | 41.17 | OK | |||
r-devel-osx-x86_64-clang | 1.6 | 47.39 | OK | |||
r-devel-windows-ix86+x86_64 | 1.6 | 20.00 | 43.00 | 63.00 | OK | |
r-patched-linux-x86_64 | 1.6 | 4.02 | 19.36 | 23.38 | OK | |
r-patched-solaris-sparc | 1.6 | 262.30 | OK | |||
r-patched-solaris-x86 | 1.6 | 65.00 | OK | |||
r-release-linux-ix86 | 1.6 | 6.26 | 26.56 | 32.82 | OK | |
r-release-linux-x86_64 | 1.6 | 4.06 | 19.60 | 23.66 | OK | |
r-release-osx-x86_64-mavericks | 1.6 | OK | ||||
r-release-osx-x86_64-snowleopard | 1.6 | ERROR | ||||
r-release-windows-ix86+x86_64 | 1.6 | 22.00 | 48.00 | 70.00 | OK | |
r-oldrel-windows-ix86+x86_64 | 1.6 | 19.00 | 75.00 | 94.00 | OK |
Version: 1.6
Check: package dependencies
Result: NOTE
Package suggested but not available for checking: ‘stsm’
Flavor: r-release-osx-x86_64-snowleopard
Version: 1.6
Check: whether package can be installed
Result: ERROR
Installation failed.
Flavor: r-release-osx-x86_64-snowleopard