CRAN Package Check Results for Package LogicReg

Last updated on 2015-02-05 23:50:27.

Flavor Version Tinstall Tcheck Ttotal Status Flags
r-devel-linux-x86_64-debian-clang 1.5.6 6.02 22.53 28.55 NOTE
r-devel-linux-x86_64-debian-gcc 1.5.6 6.00 20.99 27.00 NOTE
r-devel-linux-x86_64-fedora-clang 1.5.6 47.99 NOTE
r-devel-linux-x86_64-fedora-gcc 1.5.6 44.51 NOTE
r-devel-osx-x86_64-clang 1.5.6 48.16 NOTE
r-devel-windows-ix86+x86_64 1.5.6 25.00 45.00 70.00 OK
r-patched-linux-x86_64 1.5.6 6.17 23.49 29.66 OK
r-patched-solaris-sparc 1.5.6 333.30 OK
r-patched-solaris-x86 1.5.6 73.80 OK
r-release-linux-ix86 1.5.6 9.13 31.24 40.37 OK
r-release-linux-x86_64 1.5.6 6.15 22.88 29.03 OK
r-release-osx-x86_64-mavericks 1.5.6 OK
r-release-osx-x86_64-snowleopard 1.5.6 OK
r-release-windows-ix86+x86_64 1.5.6 19.00 51.00 70.00 OK
r-oldrel-windows-ix86+x86_64 1.5.6 20.00 57.00 77.00 OK

Memtest notes: valgrind

Check Details

Version: 1.5.6
Check: S3 generic/method consistency
Result: NOTE
    Found the following apparent S3 methods exported but not registered:
     plot.logreg plot.logregmodel plot.logregtree predict.logreg
     print.logreg print.logregmodel print.logregtree
    See section ‘Registering S3 methods’ in the ‘Writing R Extensions’
    manual.
Flavors: r-devel-linux-x86_64-debian-clang, r-devel-linux-x86_64-fedora-clang, r-devel-linux-x86_64-fedora-gcc, r-devel-osx-x86_64-clang

Version: 1.5.6
Check: S3 generic/method consistency
Result: NOTE
    Found the following apparent S3 methods exported but not registered:
     print.logreg print.logregmodel print.logregtree plot.logreg
     plot.logregmodel plot.logregtree predict.logreg
    See section ‘Registering S3 methods’ in the ‘Writing R Extensions’
    manual.
Flavor: r-devel-linux-x86_64-debian-gcc