Last updated on 2015-02-05 23:50:29.
Flavor | Version | Tinstall | Tcheck | Ttotal | Status | Flags |
---|---|---|---|---|---|---|
r-devel-linux-x86_64-debian-clang | 1.6.3 | 20.86 | 33.18 | 54.04 | NOTE | |
r-devel-linux-x86_64-debian-gcc | 1.6.3 | 23.58 | 32.07 | 55.66 | NOTE | |
r-devel-linux-x86_64-fedora-clang | 1.6.3 | 113.28 | NOTE | |||
r-devel-linux-x86_64-fedora-gcc | 1.6.3 | 107.67 | NOTE | |||
r-devel-osx-x86_64-clang | 1.6.3 | 89.69 | NOTE | |||
r-devel-windows-ix86+x86_64 | 1.6.3 | 78.00 | 75.00 | 153.00 | NOTE | |
r-patched-linux-x86_64 | 1.6.3 | 24.86 | 38.27 | 63.13 | NOTE | |
r-patched-solaris-sparc | 1.6.3 | 735.90 | NOTE | |||
r-patched-solaris-x86 | 1.6.3 | 151.20 | NOTE | |||
r-release-linux-ix86 | 1.6.3 | 26.74 | 47.23 | 73.98 | NOTE | |
r-release-linux-x86_64 | 1.6.3 | 24.57 | 38.16 | 62.73 | NOTE | |
r-release-osx-x86_64-mavericks | 1.6.3 | NOTE | ||||
r-release-osx-x86_64-snowleopard | 1.6.3 | NOTE | ||||
r-release-windows-ix86+x86_64 | 1.6.3 | 89.00 | 124.00 | 213.00 | OK | |
r-oldrel-windows-ix86+x86_64 | 1.6.3 | 58.00 | 91.00 | 149.00 | OK |
Version: 1.6.3
Check: installed package size
Result: NOTE
installed size is 9.5Mb
sub-directories of 1Mb or more:
libs 9.0Mb
Flavors: r-devel-linux-x86_64-debian-clang, r-devel-linux-x86_64-debian-gcc, r-devel-linux-x86_64-fedora-clang, r-devel-linux-x86_64-fedora-gcc, r-patched-linux-x86_64, r-patched-solaris-sparc, r-patched-solaris-x86, r-release-linux-ix86, r-release-linux-x86_64, r-release-osx-x86_64-mavericks, r-release-osx-x86_64-snowleopard
Version: 1.6.3
Check: dependencies in R code
Result: NOTE
'library' or 'require' call to ‘snowfall’ in package code.
Please use :: or requireNamespace() instead.
See section 'Suggested packages' in the 'Writing R Extensions' manual.
Flavors: r-devel-linux-x86_64-debian-clang, r-devel-linux-x86_64-debian-gcc, r-devel-linux-x86_64-fedora-clang, r-devel-linux-x86_64-fedora-gcc, r-devel-osx-x86_64-clang, r-devel-windows-ix86+x86_64