Last updated on 2015-02-05 23:50:29.
Flavor | Version | Tinstall | Tcheck | Ttotal | Status | Flags |
---|---|---|---|---|---|---|
r-devel-linux-x86_64-debian-clang | 0.4.3 | 3.25 | 34.86 | 38.11 | NOTE | |
r-devel-linux-x86_64-debian-gcc | 0.4.3 | 3.08 | 34.21 | 37.29 | NOTE | |
r-devel-linux-x86_64-fedora-clang | 0.4.3 | 73.44 | NOTE | |||
r-devel-linux-x86_64-fedora-gcc | 0.4.3 | 68.26 | NOTE | |||
r-devel-osx-x86_64-clang | 0.4.3 | 72.50 | NOTE | |||
r-devel-windows-ix86+x86_64 | 0.4.3 | 16.00 | 64.00 | 80.00 | OK | |
r-patched-linux-x86_64 | 0.4.3 | 3.62 | 37.76 | 41.38 | OK | |
r-patched-solaris-sparc | 0.4.3 | 483.30 | OK | |||
r-patched-solaris-x86 | 0.4.3 | 100.00 | OK | |||
r-release-linux-ix86 | 0.4.3 | 4.27 | 47.86 | 52.13 | OK | |
r-release-linux-x86_64 | 0.4.3 | 3.80 | 39.14 | 42.94 | OK | |
r-release-osx-x86_64-mavericks | 0.4.3 | OK | ||||
r-release-osx-x86_64-snowleopard | 0.4.3 | OK | ||||
r-release-windows-ix86+x86_64 | 0.4.3 | 13.00 | 66.00 | 79.00 | OK | |
r-oldrel-windows-ix86+x86_64 | 0.4.3 | 13.00 | 70.00 | 83.00 | OK |
Version: 0.4.3
Check: S3 generic/method consistency
Result: NOTE
Found the following apparent S3 methods exported but not registered:
summary.MRSP
See section ‘Registering S3 methods’ in the ‘Writing R Extensions’
manual.
Flavors: r-devel-linux-x86_64-debian-clang, r-devel-linux-x86_64-debian-gcc, r-devel-linux-x86_64-fedora-clang, r-devel-linux-x86_64-fedora-gcc, r-devel-osx-x86_64-clang