CRAN Package Check Results for Package MetaLandSim

Last updated on 2015-02-05 23:50:28.

Flavor Version Tinstall Tcheck Ttotal Status Flags
r-devel-linux-x86_64-debian-clang 0.2 6.94 105.97 112.91 OK
r-devel-linux-x86_64-debian-gcc 0.2 7.33 105.24 112.58 OK
r-devel-linux-x86_64-fedora-clang 0.2 227.21 OK
r-devel-linux-x86_64-fedora-gcc 0.2 118.00 OK
r-devel-osx-x86_64-clang 0.2 144.31 OK
r-devel-windows-ix86+x86_64 0.2 27.00 142.00 169.00 OK
r-patched-linux-x86_64 0.2 9.66 134.33 143.99 OK
r-patched-solaris-sparc 0.2 1692.10 OK
r-patched-solaris-x86 0.2 356.80 OK
r-release-linux-ix86 0.1 11.22 160.37 171.59 OK
r-release-linux-x86_64 0.2 9.65 137.08 146.74 OK
r-release-osx-x86_64-mavericks 0.2 ERROR
r-release-osx-x86_64-snowleopard 0.2 OK
r-release-windows-ix86+x86_64 0.2 36.00 186.00 222.00 OK
r-oldrel-windows-ix86+x86_64 0.2 26.00 172.00 198.00 OK

Check Details

Version: 0.2
Check: package dependencies
Result: ERROR
    Package required but not available: ‘rgeos’
    
    See the information on DESCRIPTION files in the chapter ‘Creating R
    packages’ of the ‘Writing R Extensions’ manual.
Flavor: r-release-osx-x86_64-mavericks