CRAN Package Check Results for Package MuMIn

Last updated on 2015-02-05 23:50:29.

Flavor Version Tinstall Tcheck Ttotal Status Flags
r-devel-linux-x86_64-debian-clang 1.12.1 1.11 57.09 58.20 WARN
r-devel-linux-x86_64-debian-gcc 1.12.1 1.07 56.06 57.14 WARN
r-devel-linux-x86_64-fedora-clang 1.12.1 109.23 WARN
r-devel-linux-x86_64-fedora-gcc 1.12.1 111.01 WARN
r-devel-osx-x86_64-clang 1.12.1 100.84 WARN
r-devel-windows-ix86+x86_64 1.12.1 7.00 83.00 90.00 WARN
r-patched-linux-x86_64 1.12.1 1.16 61.18 62.34 OK
r-patched-solaris-sparc 1.12.1 830.90 NOTE
r-patched-solaris-x86 1.12.1 162.70 NOTE
r-release-linux-ix86 1.12.1 1.57 79.51 81.08 OK
r-release-linux-x86_64 1.12.1 1.23 62.66 63.88 OK
r-release-osx-x86_64-mavericks 1.12.1 OK
r-release-osx-x86_64-snowleopard 1.12.1 NOTE
r-release-windows-ix86+x86_64 1.12.1 9.00 93.00 102.00 OK
r-oldrel-windows-ix86+x86_64 1.12.1 7.00 95.00 102.00 OK

Check Details

Version: 1.12.1
Check: use of S3 registration
Result: WARN
    Registered S3 method in a standard package overwritten by 'MuMIn':
     method package
     getCall.default stats
Flavors: r-devel-linux-x86_64-debian-clang, r-devel-linux-x86_64-debian-gcc, r-devel-osx-x86_64-clang, r-devel-windows-ix86+x86_64

Version: 1.12.1
Check: use of S3 registration
Result: WARN
    Registered S3 method from a standard package overwritten by 'MuMIn':
     method from
     getCall.default stats
Flavors: r-devel-linux-x86_64-fedora-clang, r-devel-linux-x86_64-fedora-gcc

Version: 1.12.1
Check: Rd cross-references
Result: NOTE
    Package unavailable to check Rd xrefs: ‘RMark’
Flavors: r-patched-solaris-sparc, r-patched-solaris-x86, r-release-osx-x86_64-snowleopard