Last updated on 2015-02-05 23:50:30.
Flavor | Version | Tinstall | Tcheck | Ttotal | Status | Flags |
---|---|---|---|---|---|---|
r-devel-linux-x86_64-debian-clang | 0.3 | 0.68 | 10.39 | 11.07 | NOTE | |
r-devel-linux-x86_64-debian-gcc | 0.3 | 0.62 | 9.41 | 10.04 | NOTE | |
r-devel-linux-x86_64-fedora-clang | 0.3 | 19.84 | NOTE | |||
r-devel-linux-x86_64-fedora-gcc | 0.3 | 18.91 | NOTE | |||
r-devel-osx-x86_64-clang | 0.3 | 28.67 | OK | |||
r-devel-windows-ix86+x86_64 | 0.3 | 4.00 | 18.00 | 22.00 | OK | |
r-patched-linux-x86_64 | 0.3 | 0.66 | 10.16 | 10.82 | NOTE | |
r-patched-solaris-sparc | 0.3 | 127.90 | OK | |||
r-patched-solaris-x86 | 0.3 | 32.20 | OK | |||
r-release-linux-ix86 | 0.3 | 0.97 | 16.50 | 17.46 | NOTE | |
r-release-linux-x86_64 | 0.3 | 0.69 | 10.06 | 10.75 | NOTE | |
r-release-osx-x86_64-mavericks | 0.3 | OK | ||||
r-release-windows-ix86+x86_64 | 0.3 | 3.00 | 18.00 | 21.00 | OK | |
r-oldrel-windows-ix86+x86_64 | 0.3 | 3.00 | 18.00 | 21.00 | OK |
Version: 0.3
Check: top-level files
Result: NOTE
Non-standard file/directory found at top level:
‘buildcmds’
Flavors: r-devel-linux-x86_64-debian-clang, r-devel-linux-x86_64-debian-gcc, r-devel-linux-x86_64-fedora-clang, r-devel-linux-x86_64-fedora-gcc, r-patched-linux-x86_64, r-release-linux-ix86, r-release-linux-x86_64