Last updated on 2015-02-05 23:50:31.
Flavor | Version | Tinstall | Tcheck | Ttotal | Status | Flags |
---|---|---|---|---|---|---|
r-devel-linux-x86_64-debian-clang | 9.5 | 1.61 | 36.71 | 38.32 | NOTE | |
r-devel-linux-x86_64-debian-gcc | 9.5 | 1.40 | 35.76 | 37.17 | NOTE | |
r-devel-linux-x86_64-fedora-clang | 9.5 | 76.80 | NOTE | |||
r-devel-linux-x86_64-fedora-gcc | 9.5 | 72.47 | NOTE | |||
r-devel-osx-x86_64-clang | 9.5 | 84.18 | NOTE | |||
r-devel-windows-ix86+x86_64 | 9.5 | 7.00 | 58.00 | 65.00 | NOTE | |
r-patched-linux-x86_64 | 9.5 | 1.54 | 41.34 | 42.88 | NOTE | |
r-patched-solaris-sparc | 9.5 | 498.40 | NOTE | |||
r-patched-solaris-x86 | 9.5 | 97.70 | NOTE | |||
r-release-linux-ix86 | 9.5 | 2.05 | 50.27 | 52.32 | NOTE | |
r-release-linux-x86_64 | 9.5 | 1.54 | 41.61 | 43.15 | NOTE | |
r-release-osx-x86_64-mavericks | 9.5 | NOTE | ||||
r-release-osx-x86_64-snowleopard | 9.5 | OK | ||||
r-release-windows-ix86+x86_64 | 9.5 | 6.00 | 62.00 | 68.00 | NOTE | |
r-oldrel-windows-ix86+x86_64 | 9.5 | 7.00 | 55.00 | 62.00 | NOTE |
Version: 9.5
Check: dependencies in R code
Result: NOTE
Packages in Depends field not imported from:
‘RColorBrewer’ ‘gdata’ ‘grid’ ‘methods’ ‘xtable’
These packages need to be imported from (in the NAMESPACE file)
for when this namespace is loaded but not attached.
Flavors: r-devel-linux-x86_64-debian-clang, r-devel-linux-x86_64-debian-gcc, r-devel-linux-x86_64-fedora-clang, r-devel-linux-x86_64-fedora-gcc, r-devel-osx-x86_64-clang, r-devel-windows-ix86+x86_64
Version: 9.5
Check: dependencies in R code
Result: NOTE
Packages in Depends field not imported from:
‘RColorBrewer’ ‘gdata’ ‘grid’ ‘methods’ ‘xtable’
These packages need to be imported from (in the NAMESPACE file)
for when this namespace is loaded but not attached.
See the information on DESCRIPTION files in the chapter ‘Creating R
packages’ of the ‘Writing R Extensions’ manual.
Flavors: r-patched-linux-x86_64, r-patched-solaris-sparc, r-patched-solaris-x86, r-release-linux-ix86, r-release-linux-x86_64, r-release-osx-x86_64-mavericks, r-release-windows-ix86+x86_64
Version: 9.5
Check: dependencies in R code
Result: NOTE
Packages in Depends field not imported from:
'RColorBrewer' 'gdata' 'methods' 'xtable'
These packages need to be imported from (in the NAMESPACE file)
for when this namespace is loaded but not attached.
See the information on DESCRIPTION files in the chapter 'Creating R
packages' of the 'Writing R Extensions' manual.
Flavor: r-oldrel-windows-ix86+x86_64