CRAN Package Check Results for Package PROFANCY

Last updated on 2015-02-05 23:50:32.

Flavor Version Tinstall Tcheck Ttotal Status Flags
r-devel-linux-x86_64-debian-clang 1.0 2.99 57.48 60.48 NOTE
r-devel-linux-x86_64-debian-gcc 1.0 3.17 55.99 59.16 NOTE
r-devel-linux-x86_64-fedora-clang 1.0 122.19 NOTE
r-devel-linux-x86_64-fedora-gcc 1.0 118.70 NOTE
r-devel-osx-x86_64-clang 1.0 115.99 NOTE
r-devel-windows-ix86+x86_64 1.0 9.00 79.00 88.00 NOTE
r-patched-linux-x86_64 1.0 3.47 64.22 67.70 NOTE
r-patched-solaris-sparc 1.0 910.40 NOTE
r-patched-solaris-x86 1.0 269.40 NOTE
r-release-linux-ix86 1.0 4.08 99.88 103.96 NOTE
r-release-linux-x86_64 1.0 3.73 65.29 69.02 NOTE
r-release-osx-x86_64-mavericks 1.0 NOTE
r-release-osx-x86_64-snowleopard 1.0 NOTE
r-release-windows-ix86+x86_64 1.0 14.00 95.00 109.00 NOTE
r-oldrel-windows-ix86+x86_64 1.0 13.00 127.00 140.00 NOTE

Check Details

Version: 1.0
Check: dependencies in R code
Result: NOTE
    'library' or 'require' call to ‘igraph’ which was already attached by Depends.
     Please remove these calls from your code.
Flavors: r-devel-linux-x86_64-debian-clang, r-devel-linux-x86_64-debian-gcc, r-devel-linux-x86_64-fedora-clang, r-devel-linux-x86_64-fedora-gcc, r-devel-osx-x86_64-clang, r-devel-windows-ix86+x86_64

Version: 1.0
Check: R code for possible problems
Result: NOTE
    getCandidates: no visible binding for global variable ‘envData’
    getGraph: no visible binding for global variable ‘envData’
    getProvidedDiseaseName: no visible binding for global variable
     ‘envData’
    getSeed: no visible binding for global variable ‘envData’
    getTopDiseaseMetabolites: no visible binding for global variable
     ‘envData’
Flavors: r-devel-linux-x86_64-debian-clang, r-devel-linux-x86_64-debian-gcc, r-devel-linux-x86_64-fedora-clang, r-devel-linux-x86_64-fedora-gcc, r-devel-osx-x86_64-clang, r-devel-windows-ix86+x86_64, r-patched-linux-x86_64, r-patched-solaris-sparc, r-patched-solaris-x86, r-release-linux-ix86, r-release-linux-x86_64, r-release-osx-x86_64-mavericks, r-release-windows-ix86+x86_64

Version: 1.0
Check: dependencies in R code
Result: NOTE
    'library' or 'require' call to ‘igraph’ which was already attached by Depends.
     Please remove these calls from your code.
    See the information on DESCRIPTION files in the chapter ‘Creating R
    packages’ of the ‘Writing R Extensions’ manual.
Flavors: r-patched-linux-x86_64, r-patched-solaris-sparc, r-patched-solaris-x86, r-release-linux-ix86, r-release-linux-x86_64, r-release-osx-x86_64-mavericks, r-release-osx-x86_64-snowleopard, r-release-windows-ix86+x86_64, r-oldrel-windows-ix86+x86_64