Last updated on 2015-02-05 23:50:32.
Flavor | Version | Tinstall | Tcheck | Ttotal | Status | Flags |
---|---|---|---|---|---|---|
r-devel-linux-x86_64-debian-clang | 3.0.32 | 24.62 | 28.37 | 52.99 | NOTE | |
r-devel-linux-x86_64-debian-gcc | 3.0.32 | 31.10 | 27.69 | 58.79 | NOTE | |
r-devel-linux-x86_64-fedora-clang | 3.0.32 | 118.07 | NOTE | |||
r-devel-linux-x86_64-fedora-gcc | 3.0.32 | 114.82 | NOTE | |||
r-devel-osx-x86_64-clang | 3.0.32 | 92.33 | OK | |||
r-devel-windows-ix86+x86_64 | 3.0.32 | 116.00 | 66.00 | 182.00 | OK | |
r-patched-linux-x86_64 | 3.0.32 | 32.33 | 37.04 | 69.36 | NOTE | |
r-patched-solaris-sparc | 3.0.32 | 162.40 | ERROR | |||
r-patched-solaris-x86 | 3.0.32 | 178.30 | NOTE | |||
r-release-linux-ix86 | 3.0.32 | 38.87 | 46.28 | 85.15 | NOTE | |
r-release-linux-x86_64 | 3.0.32 | 32.51 | 36.20 | 68.70 | NOTE | |
r-release-osx-x86_64-mavericks | 3.0.32 | NOTE | ||||
r-release-osx-x86_64-snowleopard | 3.0.32 | NOTE | ||||
r-release-windows-ix86+x86_64 | 3.0.32 | 112.00 | 96.00 | 208.00 | OK | |
r-oldrel-windows-ix86+x86_64 | 3.0.32 | 84.00 | 93.00 | 177.00 | OK |
Version: 3.0.32
Check: installed package size
Result: NOTE
installed size is 12.5Mb
sub-directories of 1Mb or more:
libs 12.3Mb
Flavors: r-devel-linux-x86_64-debian-clang, r-devel-linux-x86_64-debian-gcc, r-devel-linux-x86_64-fedora-clang, r-devel-linux-x86_64-fedora-gcc, r-patched-linux-x86_64, r-patched-solaris-x86, r-release-linux-ix86, r-release-linux-x86_64, r-release-osx-x86_64-mavericks, r-release-osx-x86_64-snowleopard
Version: 3.0.32
Check: whether package can be installed
Result: ERROR
Installation failed.
Flavor: r-patched-solaris-sparc