Last updated on 2015-02-05 23:50:31.
Flavor | Version | Tinstall | Tcheck | Ttotal | Status | Flags |
---|---|---|---|---|---|---|
r-devel-linux-x86_64-debian-clang | 1.0.3 | 0.62 | 15.52 | 16.14 | OK | |
r-devel-linux-x86_64-debian-gcc | 1.0.3 | 0.62 | 15.10 | 15.72 | OK | |
r-devel-linux-x86_64-fedora-clang | 1.0.3 | 30.87 | OK | |||
r-devel-linux-x86_64-fedora-gcc | 1.0.3 | 29.48 | OK | |||
r-devel-osx-x86_64-clang | 1.0.3 | 38.55 | OK | |||
r-devel-windows-ix86+x86_64 | 1.0.3 | 3.00 | 25.00 | 28.00 | OK | |
r-patched-linux-x86_64 | 1.0.3 | 0.72 | 17.02 | 17.74 | OK | |
r-patched-solaris-sparc | 1.0.3 | 208.50 | OK | |||
r-patched-solaris-x86 | 1.0.3 | 45.30 | OK | |||
r-release-linux-ix86 | 1.0.3 | 0.44 | 1.74 | 2.18 | ERROR | |
r-release-linux-x86_64 | 1.0.3 | 0.71 | 16.81 | 17.52 | OK | |
r-release-osx-x86_64-mavericks | 1.0.3 | OK | ||||
r-release-osx-x86_64-snowleopard | 1.0.3 | OK | ||||
r-release-windows-ix86+x86_64 | 1.0.3 | 3.00 | 28.00 | 31.00 | OK | |
r-oldrel-windows-ix86+x86_64 | 1.0.3 | 4.00 | 27.00 | 31.00 | OK |
Version: 1.0.3
Check: package dependencies
Result: ERROR
Package required but not available: ‘lmom’
See the information on DESCRIPTION files in the chapter ‘Creating R
packages’ of the ‘Writing R Extensions’ manual.
Flavor: r-release-linux-ix86