CRAN Package Check Results for Package REDCapR

Last updated on 2015-02-05 23:50:34.

Flavor Version Tinstall Tcheck Ttotal Status Flags
r-devel-linux-x86_64-debian-clang 0.7-1 0.93 135.38 136.31 ERROR
r-devel-linux-x86_64-debian-gcc 0.7-1 0.82 135.10 135.91 ERROR
r-devel-linux-x86_64-fedora-clang 0.7-1 32.11 NOTE
r-devel-linux-x86_64-fedora-gcc 0.7-1 29.57 NOTE
r-devel-osx-x86_64-clang 0.7-1 62.23 NOTE
r-devel-windows-ix86+x86_64 0.7-1 6.00 50.00 56.00 NOTE
r-patched-linux-x86_64 0.7-1 1.07 75.20 76.27 ERROR
r-patched-solaris-sparc 0.7-1 228.90 OK
r-patched-solaris-x86 0.7-1 51.60 OK
r-release-linux-ix86 0.7-1 1.46 79.95 81.41 ERROR
r-release-linux-x86_64 0.7-1 1.07 76.91 77.98 ERROR
r-release-osx-x86_64-mavericks 0.7-1 NOTE
r-release-osx-x86_64-snowleopard 0.7-1 OK
r-release-windows-ix86+x86_64 0.7-1 7.00 56.00 63.00 OK
r-oldrel-windows-ix86+x86_64 0.7-1 4.00 56.00 60.00 OK

Check Details

Version: 0.7-1
Check: dependencies in R code
Result: NOTE
    'library' or 'require' calls in package code:
     ‘RODBC’ ‘testthat’
     Please use :: or requireNamespace() instead.
     See section 'Suggested packages' in the 'Writing R Extensions' manual.
Flavors: r-devel-linux-x86_64-debian-clang, r-devel-linux-x86_64-debian-gcc, r-devel-linux-x86_64-fedora-clang, r-devel-linux-x86_64-fedora-gcc, r-devel-osx-x86_64-clang, r-devel-windows-ix86+x86_64

Version: 0.7-1
Check: running R code from vignettes
Result: ERROR
    Errors in running code in vignettes:
    when running code in ‘BasicREDCapROperations.Rmd’
     ...
    > uri <- "https://bbmc.ouhsc.edu/redcap/api/"
    
    > token <- "9A81268476645C4E5F03428B8AC3AA7B"
    
    > ds_all_rows_all_fields <- redcap_read(redcap_uri = uri,
    + token = token)$data
    
     When sourcing ‘BasicREDCapROperations.R’:
    Error: gnutls_handshake() failed: Error in the pull function.
    Execution halted
Flavors: r-devel-linux-x86_64-debian-clang, r-devel-linux-x86_64-debian-gcc, r-patched-linux-x86_64, r-release-linux-ix86, r-release-linux-x86_64

Version: 0.7-1
Check: re-building of vignette outputs
Result: NOTE
    Error in re-building vignettes:
     ...
    Quitting from lines 41-44 (BasicREDCapROperations.Rmd)
    Error: processing vignette ‘BasicREDCapROperations.Rmd’ failed with diagnostics:
    gnutls_handshake() failed: Error in the pull function.
    Execution halted
Flavors: r-devel-linux-x86_64-debian-clang, r-devel-linux-x86_64-debian-gcc

Version: 0.7-1
Check: package dependencies
Result: NOTE
    Package suggested but not available for checking: ‘RODBC’
Flavor: r-release-osx-x86_64-mavericks