Last updated on 2015-02-05 23:50:35.
Flavor | Version | Tinstall | Tcheck | Ttotal | Status | Flags |
---|---|---|---|---|---|---|
r-devel-linux-x86_64-debian-clang | 0.10.1 | 2.30 | 15.23 | 17.54 | OK | |
r-devel-linux-x86_64-debian-gcc | 0.10.1 | 2.29 | 15.72 | 18.00 | OK | |
r-devel-linux-x86_64-fedora-clang | 0.10.1 | 35.40 | OK | |||
r-devel-linux-x86_64-fedora-gcc | 0.10.1 | 33.74 | OK | |||
r-devel-osx-x86_64-clang | 0.10.1 | 290.93 | OK | |||
r-devel-windows-ix86+x86_64 | 0.10.1 | 40.00 | 97.00 | 137.00 | OK | |
r-patched-linux-x86_64 | 0.10.1 | 2.45 | 17.56 | 20.00 | OK | |
r-release-linux-ix86 | 0.10.1 | 3.37 | 24.02 | 27.39 | OK | |
r-release-linux-x86_64 | 0.10.1 | 2.51 | 17.46 | 19.97 | OK | |
r-release-osx-x86_64-mavericks | 0.10.1 | OK | ||||
r-release-osx-x86_64-snowleopard | 0.10.1 | NOTE | ||||
r-release-windows-ix86+x86_64 | 0.10.1 | 33.00 | 101.00 | 134.00 | OK | |
r-oldrel-windows-ix86+x86_64 | 0.10.1 | 35.00 | 106.00 | 141.00 | OK |
Version: 0.10.1
Check: installed package size
Result: NOTE
installed size is 5.6Mb
sub-directories of 1Mb or more:
libs 5.3Mb
Flavor: r-release-osx-x86_64-snowleopard