Last updated on 2015-02-05 23:50:35.
Flavor | Version | Tinstall | Tcheck | Ttotal | Status | Flags |
---|---|---|---|---|---|---|
r-devel-linux-x86_64-debian-clang | 1.0 | 0.61 | 12.12 | 12.74 | NOTE | |
r-devel-linux-x86_64-debian-gcc | 1.0 | 0.60 | 11.22 | 11.82 | NOTE | |
r-devel-linux-x86_64-fedora-clang | 1.0 | 23.49 | NOTE | |||
r-devel-linux-x86_64-fedora-gcc | 1.0 | 23.19 | NOTE | |||
r-devel-osx-x86_64-clang | 1.0 | 30.66 | NOTE | |||
r-devel-windows-ix86+x86_64 | 1.0 | 4.00 | 21.00 | 25.00 | NOTE | |
r-patched-linux-x86_64 | 1.0 | 0.66 | 13.40 | 14.06 | NOTE | |
r-patched-solaris-sparc | 1.0 | 159.20 | NOTE | |||
r-patched-solaris-x86 | 1.0 | 37.60 | NOTE | |||
r-release-linux-ix86 | 1.0 | 0.96 | 19.15 | 20.11 | NOTE | |
r-release-linux-x86_64 | 1.0 | 0.67 | 13.27 | 13.94 | NOTE | |
r-release-osx-x86_64-mavericks | 1.0 | NOTE | ||||
r-release-osx-x86_64-snowleopard | 1.0 | NOTE | ||||
r-release-windows-ix86+x86_64 | 1.0 | 5.00 | 25.00 | 30.00 | NOTE | |
r-oldrel-windows-ix86+x86_64 | 1.0 | 5.00 | 26.00 | 31.00 | NOTE |
Version: 1.0
Check: top-level files
Result: NOTE
Non-standard file/directory found at top level:
‘Read-and-delete-me’
Flavors: r-devel-linux-x86_64-debian-clang, r-devel-linux-x86_64-debian-gcc, r-devel-linux-x86_64-fedora-clang, r-devel-linux-x86_64-fedora-gcc, r-patched-linux-x86_64, r-release-linux-ix86, r-release-linux-x86_64
Version: 1.0
Check: dependencies in R code
Result: NOTE
'library' or 'require' calls to packages already attached by Depends:
‘MASS’ ‘survival’
Please remove these calls from your code.
Packages in Depends field not imported from:
‘MASS’ ‘survival’
These packages need to be imported from (in the NAMESPACE file)
for when this namespace is loaded but not attached.
Flavors: r-devel-linux-x86_64-debian-clang, r-devel-linux-x86_64-debian-gcc, r-devel-linux-x86_64-fedora-clang, r-devel-linux-x86_64-fedora-gcc, r-devel-osx-x86_64-clang, r-devel-windows-ix86+x86_64
Version: 1.0
Check: R code for possible problems
Result: NOTE
GenerateData: no visible global function definition for ‘mvrnorm’
GetVarImp : FitPenalizedModel: no visible global function definition
for ‘clogit’
Flavors: r-devel-linux-x86_64-debian-clang, r-devel-linux-x86_64-debian-gcc, r-devel-linux-x86_64-fedora-clang, r-devel-linux-x86_64-fedora-gcc, r-devel-osx-x86_64-clang, r-devel-windows-ix86+x86_64, r-patched-linux-x86_64, r-patched-solaris-sparc, r-patched-solaris-x86, r-release-linux-ix86, r-release-linux-x86_64, r-release-osx-x86_64-mavericks, r-release-windows-ix86+x86_64
Version: 1.0
Check: Rd line widths
Result: NOTE
Rd file 'GetVarImp.Rd':
\examples lines wider than 100 characters:
hist(MyResults, breaks=6, col="orange", xlab="Importance score", ylab="Number of features", main="Histogram of R-PCLR variable importan ... [TRUNCATED]
## Sort from most important (highest importance score) to least important feature (lowest importance score)
These lines will be truncated in the PDF manual.
Flavors: r-devel-linux-x86_64-debian-clang, r-devel-linux-x86_64-debian-gcc, r-devel-linux-x86_64-fedora-clang, r-devel-linux-x86_64-fedora-gcc, r-patched-linux-x86_64, r-release-linux-ix86, r-release-linux-x86_64
Version: 1.0
Check: dependencies in R code
Result: NOTE
'library' or 'require' calls to packages already attached by Depends:
‘MASS’ ‘survival’
Please remove these calls from your code.
Packages in Depends field not imported from:
‘MASS’ ‘survival’
These packages need to be imported from (in the NAMESPACE file)
for when this namespace is loaded but not attached.
See the information on DESCRIPTION files in the chapter ‘Creating R
packages’ of the ‘Writing R Extensions’ manual.
Flavors: r-patched-linux-x86_64, r-patched-solaris-sparc, r-patched-solaris-x86, r-release-linux-ix86, r-release-linux-x86_64, r-release-osx-x86_64-mavericks, r-release-windows-ix86+x86_64, r-oldrel-windows-ix86+x86_64
Version: 1.0
Check: dependencies in R code
Result: NOTE
'library' or 'require' calls to packages already attached by Depends:
'MASS' 'survival'
Please remove these calls from your code.
See the information on DESCRIPTION files in the chapter 'Creating R
packages' of the 'Writing R Extensions' manual.
Flavor: r-release-osx-x86_64-snowleopard