Last updated on 2015-02-05 23:50:34.
Flavor | Version | Tinstall | Tcheck | Ttotal | Status | Flags |
---|---|---|---|---|---|---|
r-devel-linux-x86_64-debian-clang | 0.2.4 | 6.04 | 17.52 | 23.56 | OK | |
r-devel-linux-x86_64-debian-gcc | 0.2.4 | 7.79 | 17.55 | 25.34 | OK | |
r-devel-linux-x86_64-fedora-clang | 0.2.4 | 50.30 | OK | |||
r-devel-linux-x86_64-fedora-gcc | 0.2.4 | 47.65 | OK | |||
r-devel-osx-x86_64-clang | 0.2.4 | 57.29 | OK | |||
r-devel-windows-ix86+x86_64 | 0.2.4 | 30.00 | 54.00 | 84.00 | OK | |
r-patched-linux-x86_64 | 0.2.4 | 8.05 | 20.04 | 28.09 | OK | |
r-patched-solaris-sparc | 0.2.4 | 311.70 | OK | |||
r-patched-solaris-x86 | 0.2.4 | 77.80 | OK | |||
r-release-linux-ix86 | 0.2.4 | 10.26 | 29.00 | 39.26 | OK | |
r-release-linux-x86_64 | 0.2.4 | 8.34 | 19.90 | 28.24 | OK | |
r-release-osx-x86_64-mavericks | 0.2.4 | OK | ||||
r-release-osx-x86_64-snowleopard | 0.2.4 | ERROR | ||||
r-release-windows-ix86+x86_64 | 0.2.4 | 24.00 | 55.00 | 79.00 | OK | |
r-oldrel-windows-ix86+x86_64 | 0.2.2 | 22.00 | 46.00 | 68.00 | OK |
Version: 0.2.4
Check: whether package can be installed
Result: ERROR
Installation failed.
Flavor: r-release-osx-x86_64-snowleopard