CRAN Package Check Results for Package RcppMLPACK

Last updated on 2015-02-05 23:50:34.

Flavor Version Tinstall Tcheck Ttotal Status Flags
r-devel-linux-x86_64-debian-clang 1.0.10 185.47 16.08 201.56 WARN
r-devel-linux-x86_64-debian-gcc 1.0.10 224.05 15.17 239.22 NOTE
r-devel-linux-x86_64-fedora-clang 1.0.10 444.39 WARN
r-devel-linux-x86_64-fedora-gcc 1.0.10 436.68 NOTE
r-devel-osx-x86_64-clang 1.0.10 223.06 WARN
r-devel-windows-ix86+x86_64 1.0.10 710.00 38.00 748.00 NOTE
r-patched-linux-x86_64 1.0.10 225.27 17.47 242.74 NOTE
r-patched-solaris-sparc 1.0.10 184.40 ERROR
r-patched-solaris-x86 1.0.10 478.70 ERROR
r-release-linux-ix86 1.0.10 265.42 25.76 291.18 NOTE
r-release-linux-x86_64 1.0.10 225.85 17.72 243.57 NOTE
r-release-osx-x86_64-mavericks 1.0.10 WARN
r-release-osx-x86_64-snowleopard 1.0.10 ERROR
r-release-windows-ix86+x86_64 1.0.10 750.00 67.00 817.00 NOTE
r-oldrel-windows-ix86+x86_64 1.0.10 721.00 2.00 723.00 ERROR

Check Details

Version: 1.0.10
Check: whether package can be installed
Result: WARN
    Found the following significant warnings:
     /home/hornik/tmp/R.check/r-devel-clang/Work/build/Packages/BH/include/boost/math/special_functions/detail/lanczos_sse2.hpp:54:4: warning: 'register' storage class specifier is deprecated [-Wdeprecated-register]
     /home/hornik/tmp/R.check/r-devel-clang/Work/build/Packages/BH/include/boost/math/special_functions/detail/lanczos_sse2.hpp:55:4: warning: 'register' storage class specifier is deprecated [-Wdeprecated-register]
     /home/hornik/tmp/R.check/r-devel-clang/Work/build/Packages/BH/include/boost/math/special_functions/detail/lanczos_sse2.hpp:56:4: warning: 'register' storage class specifier is deprecated [-Wdeprecated-register]
     /home/hornik/tmp/R.check/r-devel-clang/Work/build/Packages/BH/include/boost/math/special_functions/detail/lanczos_sse2.hpp:57:4: warning: 'register' storage class specifier is deprecated [-Wdeprecated-register]
     /home/hornik/tmp/R.check/r-devel-clang/Work/build/Packages/BH/include/boost/math/special_functions/detail/lanczos_sse2.hpp:58:4: warning: 'register' storage class specifier is deprecated [-Wdeprecated-register]
     /home/hornik/tmp/R.check/r-devel-clang/Work/build/Packages/BH/include/boost/math/special_functions/detail/lanczos_sse2.hpp:139:4: warning: 'register' storage class specifier is deprecated [-Wdeprecated-register]
     /home/hornik/tmp/R.check/r-devel-clang/Work/build/Packages/BH/include/boost/math/special_functions/detail/lanczos_sse2.hpp:140:4: warning: 'register' storage class specifier is deprecated [-Wdeprecated-register]
     /home/hornik/tmp/R.check/r-devel-clang/Work/build/Packages/BH/include/boost/math/special_functions/detail/lanczos_sse2.hpp:141:4: warning: 'register' storage class specifier is deprecated [-Wdeprecated-register]
     /home/hornik/tmp/R.check/r-devel-clang/Work/build/Packages/BH/include/boost/math/special_functions/detail/lanczos_sse2.hpp:142:4: warning: 'register' storage class specifier is deprecated [-Wdeprecated-register]
     /home/hornik/tmp/R.check/r-devel-clang/Work/build/Packages/BH/include/boost/math/special_functions/detail/lanczos_sse2.hpp:143:4: warning: 'register' storage class specifier is deprecated [-Wdeprecated-register]
Flavor: r-devel-linux-x86_64-debian-clang

Version: 1.0.10
Check: installed package size
Result: NOTE
     installed size is 55.8Mb
     sub-directories of 1Mb or more:
     include 1.9Mb
     lib 41.8Mb
     libs 11.9Mb
Flavors: r-devel-linux-x86_64-debian-clang, r-devel-linux-x86_64-debian-gcc, r-devel-linux-x86_64-fedora-clang, r-devel-linux-x86_64-fedora-gcc, r-devel-osx-x86_64-clang, r-devel-windows-ix86+x86_64, r-patched-linux-x86_64, r-release-linux-ix86, r-release-linux-x86_64, r-release-osx-x86_64-mavericks, r-release-windows-ix86+x86_64

Version: 1.0.10
Check: whether package can be installed
Result: WARN
    Found the following significant warnings:
     /data/gannet/ripley/R/test-clang/BH/include/boost/math/special_functions/detail/lanczos_sse2.hpp:54:4: warning: 'register' storage class specifier is deprecated [-Wdeprecated-register]
     /data/gannet/ripley/R/test-clang/BH/include/boost/math/special_functions/detail/lanczos_sse2.hpp:55:4: warning: 'register' storage class specifier is deprecated [-Wdeprecated-register]
     /data/gannet/ripley/R/test-clang/BH/include/boost/math/special_functions/detail/lanczos_sse2.hpp:56:4: warning: 'register' storage class specifier is deprecated [-Wdeprecated-register]
     /data/gannet/ripley/R/test-clang/BH/include/boost/math/special_functions/detail/lanczos_sse2.hpp:57:4: warning: 'register' storage class specifier is deprecated [-Wdeprecated-register]
     /data/gannet/ripley/R/test-clang/BH/include/boost/math/special_functions/detail/lanczos_sse2.hpp:58:4: warning: 'register' storage class specifier is deprecated [-Wdeprecated-register]
     /data/gannet/ripley/R/test-clang/BH/include/boost/math/special_functions/detail/lanczos_sse2.hpp:139:4: warning: 'register' storage class specifier is deprecated [-Wdeprecated-register]
     /data/gannet/ripley/R/test-clang/BH/include/boost/math/special_functions/detail/lanczos_sse2.hpp:140:4: warning: 'register' storage class specifier is deprecated [-Wdeprecated-register]
     /data/gannet/ripley/R/test-clang/BH/include/boost/math/special_functions/detail/lanczos_sse2.hpp:141:4: warning: 'register' storage class specifier is deprecated [-Wdeprecated-register]
     /data/gannet/ripley/R/test-clang/BH/include/boost/math/special_functions/detail/lanczos_sse2.hpp:142:4: warning: 'register' storage class specifier is deprecated [-Wdeprecated-register]
     /data/gannet/ripley/R/test-clang/BH/include/boost/math/special_functions/detail/lanczos_sse2.hpp:143:4: warning: 'register' storage class specifier is deprecated [-Wdeprecated-register]
Flavor: r-devel-linux-x86_64-fedora-clang

Version: 1.0.10
Check: whether package can be installed
Result: WARN
    Found the following significant warnings:
     /Users/ripley/R/test-3.2/BH/include/boost/math/special_functions/detail/lanczos_sse2.hpp:54:4: warning: 'register' storage class specifier is deprecated [-Wdeprecated-register]
     /Users/ripley/R/test-3.2/BH/include/boost/math/special_functions/detail/lanczos_sse2.hpp:55:4: warning: 'register' storage class specifier is deprecated [-Wdeprecated-register]
     /Users/ripley/R/test-3.2/BH/include/boost/math/special_functions/detail/lanczos_sse2.hpp:56:4: warning: 'register' storage class specifier is deprecated [-Wdeprecated-register]
     /Users/ripley/R/test-3.2/BH/include/boost/math/special_functions/detail/lanczos_sse2.hpp:57:4: warning: 'register' storage class specifier is deprecated [-Wdeprecated-register]
     /Users/ripley/R/test-3.2/BH/include/boost/math/special_functions/detail/lanczos_sse2.hpp:58:4: warning: 'register' storage class specifier is deprecated [-Wdeprecated-register]
     /Users/ripley/R/test-3.2/BH/include/boost/math/special_functions/detail/lanczos_sse2.hpp:139:4: warning: 'register' storage class specifier is deprecated [-Wdeprecated-register]
     /Users/ripley/R/test-3.2/BH/include/boost/math/special_functions/detail/lanczos_sse2.hpp:140:4: warning: 'register' storage class specifier is deprecated [-Wdeprecated-register]
     /Users/ripley/R/test-3.2/BH/include/boost/math/special_functions/detail/lanczos_sse2.hpp:141:4: warning: 'register' storage class specifier is deprecated [-Wdeprecated-register]
     /Users/ripley/R/test-3.2/BH/include/boost/math/special_functions/detail/lanczos_sse2.hpp:142:4: warning: 'register' storage class specifier is deprecated [-Wdeprecated-register]
     /Users/ripley/R/test-3.2/BH/include/boost/math/special_functions/detail/lanczos_sse2.hpp:143:4: warning: 'register' storage class specifier is deprecated [-Wdeprecated-register]
Flavor: r-devel-osx-x86_64-clang

Version: 1.0.10
Check: whether package can be installed
Result: ERROR
    Installation failed.
Flavors: r-patched-solaris-sparc, r-patched-solaris-x86, r-release-osx-x86_64-snowleopard, r-oldrel-windows-ix86+x86_64

Version: 1.0.10
Check: whether package can be installed
Result: WARN
    Found the following significant warnings:
     /Builds/CRAN-QA-Simon/packages/mavericks-x86_64/Rlib/3.1/BH/include/boost/math/special_functions/detail/lanczos_sse2.hpp:54:4: warning: 'register' storage class specifier is deprecated [-Wdeprecated-register]
     /Builds/CRAN-QA-Simon/packages/mavericks-x86_64/Rlib/3.1/BH/include/boost/math/special_functions/detail/lanczos_sse2.hpp:55:4: warning: 'register' storage class specifier is deprecated [-Wdeprecated-register]
     /Builds/CRAN-QA-Simon/packages/mavericks-x86_64/Rlib/3.1/BH/include/boost/math/special_functions/detail/lanczos_sse2.hpp:56:4: warning: 'register' storage class specifier is deprecated [-Wdeprecated-register]
     /Builds/CRAN-QA-Simon/packages/mavericks-x86_64/Rlib/3.1/BH/include/boost/math/special_functions/detail/lanczos_sse2.hpp:57:4: warning: 'register' storage class specifier is deprecated [-Wdeprecated-register]
     /Builds/CRAN-QA-Simon/packages/mavericks-x86_64/Rlib/3.1/BH/include/boost/math/special_functions/detail/lanczos_sse2.hpp:58:4: warning: 'register' storage class specifier is deprecated [-Wdeprecated-register]
     /Builds/CRAN-QA-Simon/packages/mavericks-x86_64/Rlib/3.1/BH/include/boost/math/special_functions/detail/lanczos_sse2.hpp:139:4: warning: 'register' storage class specifier is deprecated [-Wdeprecated-register]
     /Builds/CRAN-QA-Simon/packages/mavericks-x86_64/Rlib/3.1/BH/include/boost/math/special_functions/detail/lanczos_sse2.hpp:140:4: warning: 'register' storage class specifier is deprecated [-Wdeprecated-register]
     /Builds/CRAN-QA-Simon/packages/mavericks-x86_64/Rlib/3.1/BH/include/boost/math/special_functions/detail/lanczos_sse2.hpp:141:4: warning: 'register' storage class specifier is deprecated [-Wdeprecated-register]
     /Builds/CRAN-QA-Simon/packages/mavericks-x86_64/Rlib/3.1/BH/include/boost/math/special_functions/detail/lanczos_sse2.hpp:142:4: warning: 'register' storage class specifier is deprecated [-Wdeprecated-register]
     /Builds/CRAN-QA-Simon/packages/mavericks-x86_64/Rlib/3.1/BH/include/boost/math/special_functions/detail/lanczos_sse2.hpp:143:4: warning: 'register' storage class specifier is deprecated [-Wdeprecated-register]
Flavor: r-release-osx-x86_64-mavericks