Last updated on 2015-02-05 23:50:34.
Flavor | Version | Tinstall | Tcheck | Ttotal | Status | Flags |
---|---|---|---|---|---|---|
r-devel-linux-x86_64-debian-clang | 4.3.3 | 10.48 | 10.76 | 21.23 | NOTE | |
r-devel-linux-x86_64-debian-gcc | 4.3.3 | 19.41 | 10.26 | 29.67 | NOTE | |
r-devel-linux-x86_64-fedora-clang | 4.3.3 | 37.51 | NOTE | |||
r-devel-linux-x86_64-fedora-gcc | 4.3.3 | 41.33 | NOTE | |||
r-devel-osx-x86_64-clang | 4.3.3 | 43.18 | NOTE | |||
r-devel-windows-ix86+x86_64 | 4.3.3 | 13.00 | 20.00 | 33.00 | NOTE | |
r-patched-linux-x86_64 | 4.3.3 | 19.87 | 11.26 | 31.13 | NOTE | |
r-patched-solaris-sparc | 4.3.3 | 148.60 | OK | |||
r-patched-solaris-x86 | 4.3.3 | 36.90 | NOTE | |||
r-release-linux-ix86 | 4.3.3 | 25.26 | 18.10 | 43.36 | OK | |
r-release-linux-x86_64 | 4.3.3 | 19.77 | 11.86 | 31.63 | OK | |
r-release-osx-x86_64-mavericks | 4.3.3 | NOTE | ||||
r-release-osx-x86_64-snowleopard | 4.3.3 | ERROR | ||||
r-release-windows-ix86+x86_64 | 4.3.3 | 18.00 | 22.00 | 40.00 | OK | |
r-oldrel-windows-ix86+x86_64 | 4.3.3 | 16.00 | 23.00 | 39.00 | OK |
Version: 4.3.3
Check: for GNU extensions in Makefiles
Result: NOTE
GNU make is a SystemRequirements.
Flavors: r-devel-linux-x86_64-debian-clang, r-devel-linux-x86_64-debian-gcc, r-devel-linux-x86_64-fedora-clang, r-devel-linux-x86_64-fedora-gcc, r-devel-osx-x86_64-clang, r-devel-windows-ix86+x86_64, r-patched-linux-x86_64, r-patched-solaris-x86, r-release-osx-x86_64-mavericks
Version: 4.3.3
Check: whether package can be installed
Result: ERROR
Installation failed.
Flavor: r-release-osx-x86_64-snowleopard