Last updated on 2015-02-05 23:50:34.
Flavor | Version | Tinstall | Tcheck | Ttotal | Status | Flags |
---|---|---|---|---|---|---|
r-devel-linux-x86_64-debian-clang | 0.8.45 | 2.59 | 73.49 | 76.08 | NOTE | |
r-devel-linux-x86_64-debian-gcc | 0.8.45 | 2.21 | 65.38 | 67.60 | NOTE | |
r-devel-linux-x86_64-fedora-clang | 0.8.45 | 138.19 | NOTE | |||
r-devel-linux-x86_64-fedora-gcc | 0.8.45 | 130.19 | NOTE | |||
r-devel-osx-x86_64-clang | 0.8.45 | 133.52 | NOTE | |||
r-devel-windows-ix86+x86_64 | 0.8.45 | 11.00 | 105.00 | 116.00 | NOTE | |
r-patched-linux-x86_64 | 0.8.45 | 3.08 | 80.47 | 83.56 | NOTE | |
r-patched-solaris-sparc | 0.8.45 | 864.40 | NOTE | |||
r-patched-solaris-x86 | 0.8.45 | 195.20 | NOTE | |||
r-release-linux-ix86 | 0.8.45 | 3.64 | 91.46 | 95.10 | NOTE | |
r-release-linux-x86_64 | 0.8.45 | 3.06 | 78.19 | 81.25 | NOTE | |
r-release-osx-x86_64-mavericks | 0.8.45 | NOTE | ||||
r-release-osx-x86_64-snowleopard | 0.8.45 | NOTE | ||||
r-release-windows-ix86+x86_64 | 0.8.45 | 16.00 | 127.00 | 143.00 | NOTE | |
r-oldrel-windows-ix86+x86_64 | 0.8.45 | 16.00 | 125.00 | 141.00 | NOTE |
Version: 0.8.45
Check: foreign function calls
Result: NOTE
Foreign function call to a different package:
.External("do_read_bib", ..., PACKAGE = "bibtex")
See chapter ‘System and foreign language interfaces’ in the ‘Writing R
Extensions’ manual.
Flavors: r-devel-linux-x86_64-debian-clang, r-devel-linux-x86_64-debian-gcc, r-devel-linux-x86_64-fedora-clang, r-devel-linux-x86_64-fedora-gcc, r-devel-osx-x86_64-clang, r-devel-windows-ix86+x86_64
Version: 0.8.45
Check: foreign function calls
Result: NOTE
Foreign function call to a different package:
.External("do_read_bib", ..., PACKAGE = "bibtex")
See the chapter ‘System and foreign language interfaces’ of the
‘Writing R Extensions’ manual.
Flavors: r-patched-linux-x86_64, r-patched-solaris-sparc, r-patched-solaris-x86, r-release-linux-ix86, r-release-linux-x86_64, r-release-osx-x86_64-mavericks, r-release-osx-x86_64-snowleopard, r-release-windows-ix86+x86_64, r-oldrel-windows-ix86+x86_64