Last updated on 2015-02-05 23:50:36.
Flavor | Version | Tinstall | Tcheck | Ttotal | Status | Flags |
---|---|---|---|---|---|---|
r-devel-linux-x86_64-debian-clang | 1.1-221 | 1.92 | 19.32 | 21.24 | NOTE | |
r-devel-linux-x86_64-debian-gcc | 1.1-221 | 1.98 | 18.42 | 20.40 | NOTE | |
r-devel-linux-x86_64-fedora-clang | 1.1-221 | 40.08 | NOTE | |||
r-devel-linux-x86_64-fedora-gcc | 1.1-221 | 38.61 | NOTE | |||
r-devel-osx-x86_64-clang | 1.1-221 | 46.60 | NOTE | |||
r-devel-windows-ix86+x86_64 | 1.1-221 | 17.00 | 39.00 | 56.00 | NOTE | |
r-patched-linux-x86_64 | 1.1-221 | 2.17 | 21.50 | 23.67 | NOTE | |
r-patched-solaris-sparc | 1.1-221 | 266.60 | NOTE | |||
r-patched-solaris-x86 | 1.1-221 | 60.50 | NOTE | |||
r-release-linux-ix86 | 1.1-221 | 3.00 | 28.52 | 31.52 | NOTE | |
r-release-linux-x86_64 | 1.1-221 | 2.25 | 21.05 | 23.30 | NOTE | |
r-release-osx-x86_64-mavericks | 1.1-221 | NOTE | ||||
r-release-osx-x86_64-snowleopard | 1.1-221 | OK | ||||
r-release-windows-ix86+x86_64 | 1.1-221 | 22.00 | 45.00 | 67.00 | NOTE | |
r-oldrel-windows-ix86+x86_64 | 1.1-221 | 21.00 | 44.00 | 65.00 | OK |
Version: 1.1-221
Check: dependencies in R code
Result: NOTE
'library' or 'require' calls in package code:
‘raster’ ‘sp’
Please use :: or requireNamespace() instead.
See section 'Suggested packages' in the 'Writing R Extensions' manual.
Flavors: r-devel-linux-x86_64-debian-clang, r-devel-linux-x86_64-debian-gcc, r-devel-linux-x86_64-fedora-clang, r-devel-linux-x86_64-fedora-gcc, r-devel-osx-x86_64-clang, r-devel-windows-ix86+x86_64
Version: 1.1-221
Check: R code for possible problems
Result: NOTE
ConnCompLabel: no visible global function definition for ‘setValues’
SigDiff: no visible global function definition for ‘setValues’
asc.from.raster: no visible global function definition for ‘getValues’
aspect: no visible global function definition for ‘setValues’
grid.area: no visible global function definition for ‘setValues’
grid.perimeter: no visible global function definition for ‘setValues’
lcmw: no visible global function definition for ‘setValues’
raster.from.asc: no visible global function definition for ‘raster’
raster.from.asc: no visible global function definition for
‘projection<-’
raster.from.asc: no visible global function definition for ‘setValues’
slope: no visible global function definition for ‘setValues’
sp.from.asc: no visible global function definition for ‘CRS’
sp.from.asc: no visible global function definition for ‘GridTopology’
sp.from.asc: no visible global function definition for
‘SpatialGridDataFrame’
Flavors: r-devel-linux-x86_64-debian-clang, r-devel-linux-x86_64-debian-gcc, r-devel-linux-x86_64-fedora-clang, r-devel-linux-x86_64-fedora-gcc, r-devel-osx-x86_64-clang, r-devel-windows-ix86+x86_64, r-patched-linux-x86_64, r-patched-solaris-sparc, r-patched-solaris-x86, r-release-linux-ix86, r-release-linux-x86_64, r-release-osx-x86_64-mavericks, r-release-windows-ix86+x86_64