CRAN Package Check Results for Package SpatialVx

Last updated on 2015-02-05 23:50:37.

Flavor Version Tinstall Tcheck Ttotal Status Flags
r-devel-linux-x86_64-debian-clang 0.2-2 5.78 105.17 110.95 NOTE
r-devel-linux-x86_64-debian-gcc 0.2-2 5.54 107.24 112.79 NOTE
r-devel-linux-x86_64-fedora-clang 0.2-2 227.48 NOTE
r-devel-linux-x86_64-fedora-gcc 0.2-2 210.37 NOTE
r-devel-osx-x86_64-clang 0.2-2 188.66 NOTE
r-devel-windows-ix86+x86_64 0.2-2 22.00 145.00 167.00 OK
r-patched-linux-x86_64 0.2-2 7.99 134.22 142.21 OK
r-patched-solaris-sparc 0.2-2 1582.70 OK
r-patched-solaris-x86 0.2-2 389.40 OK
r-release-linux-ix86 0.2-2 9.24 156.00 165.24 OK
r-release-linux-x86_64 0.2-2 8.26 134.00 142.26 OK
r-release-osx-x86_64-mavericks 0.2-2 OK
r-release-osx-x86_64-snowleopard 0.2-2 OK
r-release-windows-ix86+x86_64 0.2-2 37.00 205.00 242.00 OK
r-oldrel-windows-ix86+x86_64 0.2-2 5.00 2.00 7.00 ERROR

Check Details

Version: 0.2-2
Check: S3 generic/method consistency
Result: NOTE
    Found the following apparent S3 methods exported but not registered:
     ACC.SpatialVx ACC.default Aindex.SpatialVx Aindex.default
     CSIsamples.SpatialVx CSIsamples.default Cindex.SpatialVx
     Cindex.default FeatureMatchAnalyzer.matched
     FeatureMatchAnalyzer.matched.centmatch
     FeatureMatchAnalyzer.matched.deltamm OF.SpatialVx OF.default
     S1.SpatialVx S1.default Sindex.SpatialVx Sindex.default
     clusterer.SpatialVx clusterer.default compositer.combined
     compositer.features compositer.matched gmm2d.SpatialVx gmm2d.default
     hist.OF hist.SpatialVx imomenter.im imomenter.matrix
     locmeasures2d.SpatialVx locmeasures2d.default metrV.SpatialVx
     metrV.default mowaverify2d.SpatialVx mowaverify2d.default
     plot.CSIsamples plot.EBS plot.FeatureAxis plot.FeatureMatchAnalyzer
     plot.LocSig plot.OF plot.SpatialVx plot.clusterer plot.composited
     plot.features plot.gmm2d plot.griddedVgram plot.hiw plot.hoods2d
     plot.matched plot.pphindcast2d plot.saller plot.spatMLD
     plot.spatbiasFS plot.structurogram plot.structurogram.matrix
     plot.summary.CSIsamples plot.summary.clusterer plot.summary.features
     plot.upscale2d plot.waveIS plot.wavePurifyVx plot.waverify2d
     predict.gmm2d print.CSIsamples print.FeatureMatchAnalyzer
     print.FeatureTable print.OF print.SpatialVx print.clusterer
     print.features print.fqi print.gmm2d print.hiw print.hoods2d
     print.imomented print.interester print.locmeasures2d print.matched
     print.metrV print.pphindcast2d print.saller print.summary.interester
     print.upscale2d print.waverify2d spatMLD.SpatialVx spatMLD.default
     summary.CSIsamples summary.FeatureAxis summary.FeatureMatchAnalyzer
     summary.FeatureTable summary.OF summary.SpatialVx summary.clusterer
     summary.features summary.fqi summary.gmm2d summary.hiw
     summary.interester summary.locmeasures2d summary.saller
     summary.spatMLD summary.spatbiasFS summary.waveIS
     summary.wavePurifyVx waverify2d.SpatialVx waverify2d.default
    See section ‘Registering S3 methods’ in the ‘Writing R Extensions’
    manual.
Flavors: r-devel-linux-x86_64-debian-clang, r-devel-linux-x86_64-fedora-clang, r-devel-linux-x86_64-fedora-gcc, r-devel-osx-x86_64-clang

Version: 0.2-2
Check: S3 generic/method consistency
Result: NOTE
    Found the following apparent S3 methods exported but not registered:
     ACC.SpatialVx ACC.default Aindex.SpatialVx Aindex.default
     CSIsamples.SpatialVx CSIsamples.default Cindex.SpatialVx
     Cindex.default FeatureMatchAnalyzer.matched
     FeatureMatchAnalyzer.matched.centmatch
     FeatureMatchAnalyzer.matched.deltamm OF.SpatialVx OF.default
     S1.SpatialVx S1.default Sindex.SpatialVx Sindex.default
     clusterer.SpatialVx clusterer.default compositer.combined
     compositer.features compositer.matched gmm2d.SpatialVx gmm2d.default
     imomenter.im imomenter.matrix locmeasures2d.SpatialVx
     locmeasures2d.default metrV.SpatialVx metrV.default
     mowaverify2d.SpatialVx mowaverify2d.default spatMLD.SpatialVx
     spatMLD.default waverify2d.SpatialVx waverify2d.default
     print.CSIsamples print.FeatureMatchAnalyzer print.FeatureTable
     print.OF print.SpatialVx print.clusterer print.features print.fqi
     print.gmm2d print.hiw print.hoods2d print.imomented print.interester
     print.locmeasures2d print.matched print.metrV print.pphindcast2d
     print.saller print.summary.interester print.upscale2d
     print.waverify2d summary.CSIsamples summary.FeatureAxis
     summary.FeatureMatchAnalyzer summary.FeatureTable summary.OF
     summary.SpatialVx summary.clusterer summary.features summary.fqi
     summary.gmm2d summary.hiw summary.interester summary.locmeasures2d
     summary.saller summary.spatMLD summary.spatbiasFS summary.waveIS
     summary.wavePurifyVx hist.OF hist.SpatialVx plot.CSIsamples plot.EBS
     plot.FeatureAxis plot.FeatureMatchAnalyzer plot.LocSig plot.OF
     plot.SpatialVx plot.clusterer plot.composited plot.features
     plot.gmm2d plot.griddedVgram plot.hiw plot.hoods2d plot.matched
     plot.pphindcast2d plot.saller plot.spatMLD plot.spatbiasFS
     plot.structurogram plot.structurogram.matrix plot.summary.CSIsamples
     plot.summary.clusterer plot.summary.features plot.upscale2d
     plot.waveIS plot.wavePurifyVx plot.waverify2d predict.gmm2d
    See section ‘Registering S3 methods’ in the ‘Writing R Extensions’
    manual.
Flavor: r-devel-linux-x86_64-debian-gcc

Version: 0.2-2
Check: whether package can be installed
Result: ERROR
    Installation failed.
Flavor: r-oldrel-windows-ix86+x86_64