Last updated on 2015-02-05 23:50:38.
Flavor | Version | Tinstall | Tcheck | Ttotal | Status | Flags |
---|---|---|---|---|---|---|
r-devel-linux-x86_64-debian-clang | 1.0 | 0.67 | 9.77 | 10.44 | NOTE | |
r-devel-linux-x86_64-debian-gcc | 1.0 | 0.54 | 9.70 | 10.23 | NOTE | |
r-devel-linux-x86_64-fedora-clang | 1.0 | 20.41 | NOTE | |||
r-devel-linux-x86_64-fedora-gcc | 1.0 | 19.08 | NOTE | |||
r-devel-osx-x86_64-clang | 1.0 | 28.67 | OK | |||
r-devel-windows-ix86+x86_64 | 1.0 | 4.00 | 16.00 | 20.00 | OK | |
r-patched-linux-x86_64 | 1.0 | 0.61 | 10.77 | 11.38 | NOTE | |
r-patched-solaris-sparc | 1.0 | 141.50 | OK | |||
r-patched-solaris-x86 | 1.0 | 31.60 | OK | |||
r-release-linux-ix86 | 1.0 | 0.88 | 16.33 | 17.21 | NOTE | |
r-release-linux-x86_64 | 1.0 | 0.61 | 10.85 | 11.46 | NOTE | |
r-release-osx-x86_64-mavericks | 1.0 | OK | ||||
r-release-windows-ix86+x86_64 | 1.0 | 2.00 | 16.00 | 18.00 | OK | |
r-oldrel-windows-ix86+x86_64 | 1.0 | 2.00 | 17.00 | 19.00 | OK |
Version: 1.0
Check: Rd line widths
Result: NOTE
Rd file 'standardize.countrynames.Rd':
\usage lines wider than 90 characters:
standardize.countrynames(input, input.column = NULL, standard = "default", standard.column = NULL, only.names = FALSE, na.rm = FALSE, s ... [TRUNCATED]
Rd file 'standardize.text.Rd':
\usage lines wider than 90 characters:
standardize.text(input, input.column = NULL, standard, standard.column = NULL, regex = NULL, codes = NULL, match = FALSE, only.names = ... [TRUNCATED]
These lines will be truncated in the PDF manual.
Flavors: r-devel-linux-x86_64-debian-clang, r-devel-linux-x86_64-debian-gcc, r-devel-linux-x86_64-fedora-clang, r-devel-linux-x86_64-fedora-gcc, r-patched-linux-x86_64, r-release-linux-ix86, r-release-linux-x86_64