Last updated on 2015-02-05 23:50:38.
Flavor | Version | Tinstall | Tcheck | Ttotal | Status | Flags |
---|---|---|---|---|---|---|
r-devel-linux-x86_64-debian-clang | 1.1-5 | 1.76 | 23.09 | 24.86 | NOTE | |
r-devel-linux-x86_64-debian-gcc | 1.1-5 | 1.68 | 23.67 | 25.35 | NOTE | |
r-devel-linux-x86_64-fedora-clang | 1.1-5 | 51.02 | NOTE | |||
r-devel-linux-x86_64-fedora-gcc | 1.1-5 | 49.70 | NOTE | |||
r-devel-osx-x86_64-clang | 1.1-5 | 54.55 | NOTE | |||
r-devel-windows-ix86+x86_64 | 1.1-5 | 8.00 | 34.00 | 42.00 | NOTE | |
r-patched-linux-x86_64 | 1.1-5 | 3.30 | 32.61 | 35.91 | NOTE | |
r-patched-solaris-sparc | 1.1-5 | 442.90 | NOTE | |||
r-patched-solaris-x86 | 1.1-5 | 97.30 | NOTE | |||
r-release-linux-ix86 | 1.1-5 | 3.14 | 40.42 | 43.56 | NOTE | |
r-release-linux-x86_64 | 1.1-5 | 2.62 | 32.47 | 35.08 | NOTE | |
r-release-osx-x86_64-mavericks | 1.1-5 | NOTE | ||||
r-release-osx-x86_64-snowleopard | 1.1-5 | OK | ||||
r-release-windows-ix86+x86_64 | 1.1-5 | 14.00 | 50.00 | 64.00 | NOTE | |
r-oldrel-windows-ix86+x86_64 | 1.1-5 | 14.00 | 59.00 | 73.00 | OK |
Version: 1.1-5
Check: dependencies in R code
Result: NOTE
'library' or 'require' calls in package code:
‘LowRankQP’ ‘rgenoud’
Please use :: or requireNamespace() instead.
See section 'Suggested packages' in the 'Writing R Extensions' manual.
Flavors: r-devel-linux-x86_64-debian-clang, r-devel-linux-x86_64-debian-gcc, r-devel-linux-x86_64-fedora-clang, r-devel-linux-x86_64-fedora-gcc, r-devel-osx-x86_64-clang, r-devel-windows-ix86+x86_64
Version: 1.1-5
Check: R code for possible problems
Result: NOTE
fn.V: no visible global function definition for ‘LowRankQP’
synth: no visible global function definition for ‘LowRankQP’
Flavors: r-devel-linux-x86_64-debian-clang, r-devel-linux-x86_64-debian-gcc, r-devel-linux-x86_64-fedora-clang, r-devel-linux-x86_64-fedora-gcc, r-devel-osx-x86_64-clang, r-devel-windows-ix86+x86_64, r-patched-linux-x86_64, r-patched-solaris-sparc, r-patched-solaris-x86, r-release-linux-ix86, r-release-linux-x86_64, r-release-osx-x86_64-mavericks, r-release-windows-ix86+x86_64