CRAN Package Check Results for Package TableToLongForm

Last updated on 2015-02-05 23:50:38.

Flavor Version Tinstall Tcheck Ttotal Status Flags
r-devel-linux-x86_64-debian-clang 1.3.1 0.55 9.78 10.32 NOTE
r-devel-linux-x86_64-debian-gcc 1.3.1 0.54 9.98 10.53 NOTE
r-devel-linux-x86_64-fedora-clang 1.3.1 19.88 NOTE
r-devel-linux-x86_64-fedora-gcc 1.3.1 18.36 NOTE
r-devel-osx-x86_64-clang 1.3.1 24.82 NOTE
r-devel-windows-ix86+x86_64 1.3.1 3.00 17.00 20.00 OK
r-patched-linux-x86_64 1.3.1 0.61 10.16 10.77 OK
r-patched-solaris-sparc 1.3.1 124.30 OK
r-patched-solaris-x86 1.3.1 31.70 OK
r-release-linux-ix86 1.3.1 0.88 16.54 17.41 OK
r-release-linux-x86_64 1.3.1 0.61 10.57 11.18 OK
r-release-osx-x86_64-mavericks 1.3.1 OK
r-release-osx-x86_64-snowleopard 1.3.1 OK
r-release-windows-ix86+x86_64 1.3.1 2.00 19.00 21.00 OK
r-oldrel-windows-ix86+x86_64 1.3.1 3.00 17.00 20.00 OK

Check Details

Version: 1.3.1
Check: S3 generic/method consistency
Result: NOTE
    Found the following apparent S3 methods exported but not registered:
     print.plist
    See section ‘Registering S3 methods’ in the ‘Writing R Extensions’
    manual.
Flavors: r-devel-linux-x86_64-debian-clang, r-devel-linux-x86_64-debian-gcc, r-devel-linux-x86_64-fedora-clang, r-devel-linux-x86_64-fedora-gcc, r-devel-osx-x86_64-clang