CRAN Package Check Results for Package TestScorer

Last updated on 2015-02-05 23:50:40.

Flavor Version Tinstall Tcheck Ttotal Status Flags
r-devel-linux-x86_64-debian-clang 1.6 0.85 13.96 14.81 NOTE
r-devel-linux-x86_64-debian-gcc 1.6 0.70 13.54 14.24 NOTE
r-devel-linux-x86_64-fedora-clang 1.6 27.63 NOTE
r-devel-linux-x86_64-fedora-gcc 1.6 25.95 NOTE
r-devel-osx-x86_64-clang 1.6 37.59 NOTE
r-devel-windows-ix86+x86_64 1.6 3.00 22.00 25.00 NOTE
r-patched-linux-x86_64 1.6 0.76 14.22 14.99 NOTE
r-patched-solaris-sparc 1.6 172.80 NOTE
r-patched-solaris-x86 1.6 41.70 NOTE
r-release-linux-ix86 1.6 1.12 22.87 23.98 NOTE
r-release-linux-x86_64 1.6 0.76 14.32 15.08 NOTE
r-release-osx-x86_64-mavericks 1.6 NOTE
r-release-osx-x86_64-snowleopard 1.6 OK
r-release-windows-ix86+x86_64 1.6 4.00 24.00 28.00 NOTE
r-oldrel-windows-ix86+x86_64 1.6 3.00 25.00 28.00 OK

Check Details

Version: 1.6
Check: dependencies in R code
Result: NOTE
    Package in Depends field not imported from: ‘tcltk’
     These packages need to be imported from (in the NAMESPACE file)
     for when this namespace is loaded but not attached.
Flavors: r-devel-linux-x86_64-debian-clang, r-devel-linux-x86_64-debian-gcc, r-devel-linux-x86_64-fedora-clang, r-devel-linux-x86_64-fedora-gcc, r-devel-osx-x86_64-clang, r-devel-windows-ix86+x86_64

Version: 1.6
Check: R code for possible problems
Result: NOTE
    TestScorerGUI: no visible global function definition for
     ‘tkfont.create’
    TestScorerGUI: no visible global function definition for ‘tktoplevel’
    TestScorerGUI: no visible global function definition for ‘tkwm.title’
    TestScorerGUI: no visible global function definition for
     ‘tkwm.resizable’
    TestScorerGUI: no visible global function definition for ‘tkframe’
    TestScorerGUI: no visible global function definition for
     ‘tkgrid.configure’
    TestScorerGUI: no visible global function definition for ‘tkscrollbar’
    TestScorerGUI : <anonymous>: no visible global function definition for
     ‘tkyview’
    TestScorerGUI: no visible global function definition for ‘tklistbox’
    TestScorerGUI : <anonymous>: no visible global function definition for
     ‘tkset’
    TestScorerGUI: no visible global function definition for ‘tkinsert’
    TestScorerGUI: no visible global function definition for
     ‘tkselection.set’
    TestScorerGUI: no visible global function definition for ‘tkgrid’
    TestScorerGUI: no visible global function definition for ‘tklabel’
    TestScorerGUI : on.nameFile: no visible global function definition for
     ‘tktoplevel’
    TestScorerGUI : on.nameFile: no visible global function definition for
     ‘tkwm.deiconify’
    TestScorerGUI : on.nameFile: no visible global function definition for
     ‘tkwm.resizable’
    TestScorerGUI : on.nameFile: no visible global function definition for
     ‘tkgrab.set’
    TestScorerGUI : on.nameFile: no visible global function definition for
     ‘tktitle<-’
    TestScorerGUI : on.nameFile: no visible global function definition for
     ‘tkgrid’
    TestScorerGUI : on.nameFile: no visible global function definition for
     ‘tklabel’
    TestScorerGUI : on.nameFile: no visible global function definition for
     ‘tkframe’
    TestScorerGUI : on.nameFile: no visible global function definition for
     ‘tkradiobutton’
    TestScorerGUI : on.nameFile: no visible global function definition for
     ‘tclVar’
    TestScorerGUI : on.nameFile: no visible global function definition for
     ‘tkconfigure’
    TestScorerGUI : on.nameFile: no visible global function definition for
     ‘tkbutton’
    TestScorerGUI : on.nameFile : <anonymous>: no visible global function
     definition for ‘tclvalue<-’
    TestScorerGUI : on.nameFile: no visible global function definition for
     ‘tkbind’
    TestScorerGUI : on.nameFile: no visible global function definition for
     ‘tkfocus’
    TestScorerGUI : on.nameFile: no visible global function definition for
     ‘tkwait.variable’
    TestScorerGUI : on.nameFile: no visible global function definition for
     ‘tclvalue’
    TestScorerGUI : on.nameFile: no visible global function definition for
     ‘tkgrab.release’
    TestScorerGUI : on.nameFile: no visible global function definition for
     ‘tkdestroy’
    TestScorerGUI : on.nameFile: no visible global function definition for
     ‘tclvalue<-’
    TestScorerGUI : on.nameFile: no visible global function definition for
     ‘tkmessageBox’
    TestScorerGUI : on.nameFile: no visible global function definition for
     ‘tk_choose.dir’
    TestScorerGUI : on.nameFile: no visible global function definition for
     ‘tkentry’
    TestScorerGUI : on.nameFile: no visible global function definition for
     ‘tk_choose.files’
    TestScorerGUI: no visible global function definition for ‘tclVar’
    TestScorerGUI: no visible global function definition for ‘tclvalue’
    TestScorerGUI: no visible global function definition for ‘tkbutton’
    TestScorerGUI: no visible global function definition for ‘tkconfigure’
    TestScorerGUI: no visible global function definition for
     ‘tkradiobutton’
    TestScorerGUI: no visible global function definition for ‘tktext’
    TestScorerGUI: no visible global function definition for ‘tkentry’
    TestScorerGUI : initialize.test: no visible global function definition
     for ‘tkconfigure’
    TestScorerGUI : initialize.test: no visible global function definition
     for ‘tkdelete’
    TestScorerGUI : initialize.test: no visible global function definition
     for ‘tkinsert’
    TestScorerGUI : on.item.numEntry: no visible global function definition
     for ‘tclvalue<-’
    TestScorerGUI : on.item.numEntry: no visible global function definition
     for ‘tkconfigure’
    TestScorerGUI : on.item.numEntry: no visible global function definition
     for ‘tkdelete’
    TestScorerGUI : on.item.numEntry: no visible global function definition
     for ‘tkinsert’
    TestScorerGUI : answer.out: no visible global function definition for
     ‘tkmessageBox’
    TestScorerGUI : answer.out: no visible global function definition for
     ‘tkfocus’
    TestScorerGUI : invalid.answer: no visible global function definition
     for ‘tkmessageBox’
    TestScorerGUI : invalid.answer: no visible global function definition
     for ‘tkfocus’
    TestScorerGUI : on.show.and.record: no visible global function
     definition for ‘tclvalue’
    TestScorerGUI : score.results: no visible global function definition
     for ‘tclvalue’
    TestScorerGUI : write.results: no visible global function definition
     for ‘tclvalue’
    TestScorerGUI : write.results: no visible global function definition
     for ‘tkmessageBox’
    TestScorerGUI : write.results: no visible global function definition
     for ‘tclvalue<-’
    TestScorerGUI : on.clean.all: no visible global function definition for
     ‘tkdelete’
    TestScorerGUI : on.clean.all: no visible global function definition for
     ‘tclvalue<-’
    TestScorerGUI : on.new.test: no visible global function definition for
     ‘tclvalue’
    TestScorerGUI : on.new.test: no visible global function definition for
     ‘tclvalue<-’
    TestScorerGUI : on.new.test: no visible global function definition for
     ‘tkconfigure’
    TestScorerGUI : on.new.test: no visible global function definition for
     ‘tkmessageBox’
    TestScorerGUI : on.clean.test: no visible global function definition
     for ‘tkdelete’
    TestScorerGUI : on.clean.test: no visible global function definition
     for ‘tkcurselection’
    TestScorerGUI : on.clean.test: no visible global function definition
     for ‘tclvalue<-’
    TestScorerGUI : on.clean.test: no visible global function definition
     for ‘tkconfigure’
    TestScorerGUI : on.clean.test: no visible global function definition
     for ‘tkinsert’
    TestScorerGUI : on.clean.test: no visible global function definition
     for ‘tkgrid’
    TestScorerGUI : on.exit: no visible global function definition for
     ‘tkdestroy’
    TestScorerGUI : on.help : modalDialog: no visible global function
     definition for ‘tktoplevel’
    TestScorerGUI : on.help : modalDialog: no visible global function
     definition for ‘tkwm.title’
    TestScorerGUI : on.help : modalDialog: no visible global function
     definition for ‘tkwm.resizable’
    TestScorerGUI : on.help : modalDialog: no visible global function
     definition for ‘tkwm.deiconify’
    TestScorerGUI : on.help : modalDialog: no visible global function
     definition for ‘tkgrab.set’
    TestScorerGUI : on.help : modalDialog: no visible global function
     definition for ‘tkfocus’
    TestScorerGUI : on.help : modalDialog: no visible global function
     definition for ‘tkscrollbar’
    TestScorerGUI : on.help : modalDialog : <anonymous>: no visible global
     function definition for ‘tkyview’
    TestScorerGUI : on.help : modalDialog: no visible global function
     definition for ‘tktext’
    TestScorerGUI : on.help : modalDialog : <anonymous>: no visible global
     function definition for ‘tkset’
    TestScorerGUI : on.help : modalDialog: no visible global function
     definition for ‘tkinsert’
    TestScorerGUI : on.help : modalDialog: no visible global function
     definition for ‘tkconfigure’
    TestScorerGUI : on.help : modalDialog : onClose: no visible global
     function definition for ‘tkgrab.release’
    TestScorerGUI : on.help : modalDialog : onClose: no visible global
     function definition for ‘tkdestroy’
    TestScorerGUI : on.help : modalDialog : onClose: no visible global
     function definition for ‘tkfocus’
    TestScorerGUI : on.help : modalDialog: no visible global function
     definition for ‘tkbutton’
    TestScorerGUI : on.help : modalDialog: no visible global function
     definition for ‘tkgrid’
    TestScorerGUI : on.help : modalDialog: no visible global function
     definition for ‘tkbind’
    TestScorerGUI : on.help : modalDialog : <anonymous>: no visible global
     function definition for ‘tkgrab.release’
    TestScorerGUI : on.help : modalDialog : <anonymous>: no visible global
     function definition for ‘tkfocus’
    TestScorerGUI : on.help : modalDialog: no visible global function
     definition for ‘tkwait.window’
    TestScorerGUI : on.manager: no visible global function definition for
     ‘tktoplevel’
    TestScorerGUI : on.manager: no visible global function definition for
     ‘tkwm.deiconify’
    TestScorerGUI : on.manager: no visible global function definition for
     ‘tkwm.resizable’
    TestScorerGUI : on.manager: no visible global function definition for
     ‘tkgrab.set’
    TestScorerGUI : on.manager: no visible global function definition for
     ‘tktitle<-’
    TestScorerGUI : on.manager: no visible global function definition for
     ‘tkgrid’
    TestScorerGUI : on.manager: no visible global function definition for
     ‘tklabel’
    TestScorerGUI : on.manager: no visible global function definition for
     ‘tkframe’
    TestScorerGUI : on.manager: no visible global function definition for
     ‘tkradiobutton’
    TestScorerGUI : on.manager: no visible global function definition for
     ‘tclVar’
    TestScorerGUI : on.manager: no visible global function definition for
     ‘tkconfigure’
    TestScorerGUI : on.manager: no visible global function definition for
     ‘tkbutton’
    TestScorerGUI : on.manager : <anonymous>: no visible global function
     definition for ‘tclvalue<-’
    TestScorerGUI : on.manager: no visible global function definition for
     ‘tkbind’
    TestScorerGUI : on.manager: no visible global function definition for
     ‘tkfocus’
    TestScorerGUI : on.manager: no visible global function definition for
     ‘tkwait.variable’
    TestScorerGUI : on.manager: no visible global function definition for
     ‘tclvalue’
    TestScorerGUI : on.manager: no visible global function definition for
     ‘tkgrab.release’
    TestScorerGUI : on.manager: no visible global function definition for
     ‘tkdestroy’
    TestScorerGUI: no visible global function definition for ‘tkbind’
    TestScorerGUI: no visible global function definition for ‘tkfocus’
    add.new.test : make.test.window : no.trans: no visible global function
     definition for ‘tclVar’
    add.new.test : make.test.window : no.trans: no visible global function
     definition for ‘tkconfigure’
    add.new.test : make.test.window : other.trans: no visible global
     function definition for ‘tclvalue’
    add.new.test : make.test.window : other.trans: no visible global
     function definition for ‘tkmessageBox’
    add.new.test : make.test.window : other.trans: no visible global
     function definition for ‘tclVar’
    add.new.test : make.test.window : other.trans: no visible global
     function definition for ‘tkconfigure’
    add.new.test : make.test.window : Tmean.trans: no visible global
     function definition for ‘tkconfigure’
    add.new.test : make.test.window : Tmean.trans: no visible global
     function definition for ‘tclVar’
    add.new.test : make.test.window : Ttable.trans: no visible global
     function definition for ‘tclvalue’
    add.new.test : make.test.window : Ttable.trans: no visible global
     function definition for ‘tkmessageBox’
    add.new.test : make.test.window : Ttable.trans: no visible global
     function definition for ‘tkconfigure’
    add.new.test : make.test.window : Ttable.trans: no visible global
     function definition for ‘tclVar’
    add.new.test : make.test.window : raw.is.sum: no visible global
     function definition for ‘tkconfigure’
    add.new.test : make.test.window : raw.is.mean: no visible global
     function definition for ‘tclvalue’
    add.new.test : make.test.window : raw.is.mean: no visible global
     function definition for ‘tclVar’
    add.new.test : make.test.window : raw.is.mean: no visible global
     function definition for ‘tkconfigure’
    add.new.test : make.test.window : raw.is.mean: no visible global
     function definition for ‘tkmessageBox’
    add.new.test : make.test.window : prorrate.yes: no visible global
     function definition for ‘tclvalue’
    add.new.test : make.test.window : prorrate.yes: no visible global
     function definition for ‘tclVar’
    add.new.test : make.test.window : prorrate.yes: no visible global
     function definition for ‘tkconfigure’
    add.new.test : make.test.window : prorrate.yes: no visible global
     function definition for ‘tkmessageBox’
    add.new.test : make.test.window : validate.test: no visible global
     function definition for ‘tclvalue’
    add.new.test : make.test.window : validate.test: no visible global
     function definition for ‘tkmessageBox’
    add.new.test : make.test.window : validate.test: no visible global
     function definition for ‘tclVar’
    add.new.test : make.test.window : validate.test: no visible global
     function definition for ‘tkconfigure’
    add.new.test : make.test.window : OnOkTest: no visible global function
     definition for ‘tclvalue<-’
    add.new.test : make.test.window: no visible global function definition
     for ‘tktoplevel’
    add.new.test : make.test.window: no visible global function definition
     for ‘tkwm.title’
    add.new.test : make.test.window: no visible global function definition
     for ‘tkwm.resizable’
    add.new.test : make.test.window: no visible global function definition
     for ‘tkframe’
    add.new.test : make.test.window: no visible global function definition
     for ‘tclVar’
    add.new.test : make.test.window: no visible global function definition
     for ‘tkentry’
    add.new.test : make.test.window: no visible global function definition
     for ‘tkgrid’
    add.new.test : make.test.window: no visible global function definition
     for ‘tklabel’
    add.new.test : make.test.window: no visible global function definition
     for ‘tkradiobutton’
    add.new.test : make.test.window: no visible global function definition
     for ‘tkconfigure’
    add.new.test : make.test.window: no visible global function definition
     for ‘tkbutton’
    add.new.test : make.test.window: no visible global function definition
     for ‘tkbind’
    add.new.test : make.test.window : <anonymous>: no visible global
     function definition for ‘tclvalue<-’
    add.new.test : make.test.window: no visible global function definition
     for ‘tkfocus’
    add.new.test : make.test.window: no visible global function definition
     for ‘tkwait.variable’
    add.new.test : make.test.window: no visible global function definition
     for ‘tclvalue’
    add.new.test : make.test.window: no visible global function definition
     for ‘tkdestroy’
    add.new.test : make.scale.window : ValidateScaleChar: no visible global
     function definition for ‘tclvalue’
    add.new.test : make.scale.window : ValidateScaleChar: no visible global
     function definition for ‘tkmessageBox’
    add.new.test : make.scale.window : ValidateScaleChar: no visible global
     function definition for ‘tkconfigure’
    add.new.test : make.scale.window: no visible global function definition
     for ‘tktoplevel’
    add.new.test : make.scale.window: no visible global function definition
     for ‘tkwm.title’
    add.new.test : make.scale.window: no visible global function definition
     for ‘tkwm.resizable’
    add.new.test : make.scale.window: no visible global function definition
     for ‘tkframe’
    add.new.test : make.scale.window: no visible global function definition
     for ‘tclVar’
    add.new.test : make.scale.window: no visible global function definition
     for ‘tkentry’
    add.new.test : make.scale.window: no visible global function definition
     for ‘tkgrid’
    add.new.test : make.scale.window: no visible global function definition
     for ‘tklabel’
    add.new.test : make.scale.window : make.table.win: no visible global
     function definition for ‘tkconfigure’
    add.new.test : make.scale.window : make.table.win: no visible global
     function definition for ‘tclArray’
    add.new.test : make.scale.window : make.table.win: no visible global
     function definition for ‘tktoplevel’
    add.new.test : make.scale.window : make.table.win: no visible global
     function definition for ‘tkwm.resizable’
    add.new.test : make.scale.window : make.table.win: no visible global
     function definition for ‘tkgrab.set’
    add.new.test : make.scale.window : make.table.win: no visible global
     function definition for ‘tkframe’
    add.new.test : make.scale.window : make.table.win: no visible global
     function definition for ‘tkgrid’
    add.new.test : make.scale.window : make.table.win: no visible global
     function definition for ‘tclRequire’
    add.new.test : make.scale.window : make.table.win: no visible global
     function definition for ‘tkwm.title’
    add.new.test : make.scale.window : make.table.win: no visible global
     function definition for ‘tkwidget’
    add.new.test : make.scale.window : make.table.win : <anonymous>: no
     visible global function definition for ‘tkset’
    add.new.test : make.scale.window : make.table.win: no visible global
     function definition for ‘tkscrollbar’
    add.new.test : make.scale.window : make.table.win : <anonymous>: no
     visible global function definition for ‘tkyview’
    add.new.test : make.scale.window : make.table.win: no visible global
     function definition for ‘tkgrid.configure’
    add.new.test : make.scale.window : make.table.win: no visible global
     function definition for ‘tklabel’
    add.new.test : make.scale.window : make.table.win: no visible global
     function definition for ‘tclVar’
    add.new.test : make.scale.window : make.table.win: no visible global
     function definition for ‘tkbutton’
    add.new.test : make.scale.window : make.table.win : <anonymous>: no
     visible global function definition for ‘tclvalue<-’
    add.new.test : make.scale.window : make.table.win: no visible global
     function definition for ‘tkbind’
    add.new.test : make.scale.window : make.table.win: no visible global
     function definition for ‘tkfocus’
    add.new.test : make.scale.window : make.table.win: no visible global
     function definition for ‘tkwait.variable’
    add.new.test : make.scale.window : make.table.win: no visible global
     function definition for ‘tclvalue’
    add.new.test : make.scale.window : make.table.win: no visible global
     function definition for ‘tkmessageBox’
    add.new.test : make.scale.window : make.table.win: no visible global
     function definition for ‘tkdestroy’
    add.new.test : make.scale.window: no visible global function definition
     for ‘tkbutton’
    add.new.test : make.scale.window : <anonymous>: no visible global
     function definition for ‘tclvalue’
    add.new.test : make.scale.window: no visible global function definition
     for ‘tkgrid.configure’
    add.new.test : make.scale.window : OnOkScale: no visible global
     function definition for ‘tclvalue<-’
    add.new.test : make.scale.window : <anonymous>: no visible global
     function definition for ‘tclvalue<-’
    add.new.test : make.scale.window: no visible global function definition
     for ‘tkbind’
    add.new.test : make.scale.window: no visible global function definition
     for ‘tkfocus’
    add.new.test : make.scale.window: no visible global function definition
     for ‘tkwait.variable’
    add.new.test : make.scale.window: no visible global function definition
     for ‘tclvalue’
    add.new.test : make.scale.window: no visible global function definition
     for ‘tkdestroy’
    add.new.test : write.test.end: no visible global function definition
     for ‘tkmessageBox’
    add.new.test: no visible global function definition for ‘tkmessageBox’
    delete.test: no visible global function definition for ‘tktoplevel’
    delete.test: no visible global function definition for ‘tkwm.title’
    delete.test: no visible global function definition for ‘tkwm.resizable’
    delete.test: no visible global function definition for ‘tkscrollbar’
    delete.test : <anonymous>: no visible global function definition for
     ‘tkyview’
    delete.test: no visible global function definition for ‘tklistbox’
    delete.test : <anonymous>: no visible global function definition for
     ‘tkset’
    delete.test: no visible global function definition for ‘tkinsert’
    delete.test: no visible global function definition for
     ‘tkselection.set’
    delete.test: no visible global function definition for ‘tkgrid’
    delete.test: no visible global function definition for ‘tklabel’
    delete.test: no visible global function definition for
     ‘tkgrid.configure’
    delete.test: no visible global function definition for ‘tclVar’
    delete.test: no visible global function definition for ‘tkbutton’
    delete.test : <anonymous>: no visible global function definition for
     ‘tclvalue<-’
    delete.test: no visible global function definition for ‘tkbind’
    delete.test: no visible global function definition for ‘tkfocus’
    delete.test: no visible global function definition for
     ‘tkwait.variable’
    delete.test: no visible global function definition for ‘tclvalue’
    delete.test: no visible global function definition for ‘tkcurselection’
    delete.test: no visible global function definition for ‘tkdestroy’
    delete.test: no visible global function definition for ‘tkmessageBox’
    set.tests.directory: no visible global function definition for
     ‘tktoplevel’
    set.tests.directory: no visible global function definition for
     ‘tkwm.deiconify’
    set.tests.directory: no visible global function definition for
     ‘tkwm.resizable’
    set.tests.directory: no visible global function definition for
     ‘tkgrab.set’
    set.tests.directory: no visible global function definition for
     ‘tktitle<-’
    set.tests.directory: no visible global function definition for ‘tkgrid’
    set.tests.directory: no visible global function definition for
     ‘tklabel’
    set.tests.directory: no visible global function definition for
     ‘tkframe’
    set.tests.directory: no visible global function definition for
     ‘tkradiobutton’
    set.tests.directory: no visible global function definition for ‘tclVar’
    set.tests.directory: no visible global function definition for
     ‘tkconfigure’
    set.tests.directory: no visible global function definition for
     ‘tkbutton’
    set.tests.directory : <anonymous>: no visible global function
     definition for ‘tclvalue<-’
    set.tests.directory: no visible global function definition for ‘tkbind’
    set.tests.directory: no visible global function definition for
     ‘tkfocus’
    set.tests.directory: no visible global function definition for
     ‘tkwait.variable’
    set.tests.directory: no visible global function definition for
     ‘tclvalue’
    set.tests.directory: no visible global function definition for
     ‘tkgrab.release’
    set.tests.directory: no visible global function definition for
     ‘tkdestroy’
    set.tests.directory: no visible global function definition for
     ‘tk_choose.dir’
    set.tests.directory: no visible global function definition for
     ‘tkmessageBox’
Flavors: r-devel-linux-x86_64-debian-clang, r-devel-linux-x86_64-debian-gcc, r-devel-linux-x86_64-fedora-clang, r-devel-linux-x86_64-fedora-gcc, r-devel-osx-x86_64-clang, r-devel-windows-ix86+x86_64, r-patched-linux-x86_64, r-patched-solaris-sparc, r-patched-solaris-x86, r-release-linux-ix86, r-release-linux-x86_64, r-release-osx-x86_64-mavericks, r-release-windows-ix86+x86_64

Version: 1.6
Check: dependencies in R code
Result: NOTE
    Package in Depends field not imported from: ‘tcltk’
     These packages need to be imported from (in the NAMESPACE file)
     for when this namespace is loaded but not attached.
    See the information on DESCRIPTION files in the chapter ‘Creating R
    packages’ of the ‘Writing R Extensions’ manual.
Flavors: r-patched-linux-x86_64, r-patched-solaris-sparc, r-patched-solaris-x86, r-release-linux-ix86, r-release-linux-x86_64, r-release-osx-x86_64-mavericks, r-release-windows-ix86+x86_64