Last updated on 2015-02-05 23:50:18.
Flavor | Version | Tinstall | Tcheck | Ttotal | Status | Flags |
---|---|---|---|---|---|---|
r-devel-linux-x86_64-debian-clang | 1.0 | 0.67 | 34.99 | 35.66 | NOTE | |
r-devel-linux-x86_64-debian-gcc | 1.0 | 0.72 | 34.68 | 35.40 | NOTE | |
r-devel-linux-x86_64-fedora-clang | 1.0 | 71.14 | NOTE | |||
r-devel-linux-x86_64-fedora-gcc | 1.0 | 67.06 | NOTE | |||
r-devel-osx-x86_64-clang | 1.0 | 69.98 | NOTE | |||
r-devel-windows-ix86+x86_64 | 1.0 | 5.00 | 54.00 | 59.00 | NOTE | |
r-patched-linux-x86_64 | 1.0 | 0.69 | 36.79 | 37.48 | NOTE | |
r-patched-solaris-sparc | 1.0 | 525.50 | NOTE | |||
r-patched-solaris-x86 | 1.0 | 88.50 | NOTE | |||
r-release-linux-ix86 | 1.0 | 0.96 | 45.83 | 46.78 | NOTE | |
r-release-linux-x86_64 | 1.0 | 0.67 | 37.24 | 37.91 | NOTE | |
r-release-osx-x86_64-mavericks | 1.0 | NOTE | ||||
r-release-osx-x86_64-snowleopard | 1.0 | OK | ||||
r-release-windows-ix86+x86_64 | 1.0 | 4.00 | 56.00 | 60.00 | NOTE | |
r-oldrel-windows-ix86+x86_64 | 1.0 | 5.00 | 91.00 | 96.00 | NOTE |
Version: 1.0
Check: dependencies in R code
Result: NOTE
Package in Depends field not imported from: ‘MASS’
These packages need to be imported from (in the NAMESPACE file)
for when this namespace is loaded but not attached.
Flavors: r-devel-linux-x86_64-debian-clang, r-devel-linux-x86_64-debian-gcc, r-devel-linux-x86_64-fedora-clang, r-devel-linux-x86_64-fedora-gcc, r-devel-osx-x86_64-clang, r-devel-windows-ix86+x86_64
Version: 1.0
Check: R code for possible problems
Result: NOTE
clusters: no visible global function definition for ‘write.matrix’
Flavors: r-devel-linux-x86_64-debian-clang, r-devel-linux-x86_64-debian-gcc, r-devel-linux-x86_64-fedora-clang, r-devel-linux-x86_64-fedora-gcc, r-devel-osx-x86_64-clang, r-devel-windows-ix86+x86_64, r-patched-linux-x86_64, r-patched-solaris-sparc, r-patched-solaris-x86, r-release-linux-ix86, r-release-linux-x86_64, r-release-osx-x86_64-mavericks, r-release-windows-ix86+x86_64
Version: 1.0
Check: dependencies in R code
Result: NOTE
Package in Depends field not imported from: ‘MASS’
These packages need to be imported from (in the NAMESPACE file)
for when this namespace is loaded but not attached.
See the information on DESCRIPTION files in the chapter ‘Creating R
packages’ of the ‘Writing R Extensions’ manual.
Flavors: r-patched-linux-x86_64, r-patched-solaris-sparc, r-patched-solaris-x86, r-release-linux-ix86, r-release-linux-x86_64, r-release-osx-x86_64-mavericks, r-release-windows-ix86+x86_64, r-oldrel-windows-ix86+x86_64