Last updated on 2015-02-05 23:50:18.
Flavor | Version | Tinstall | Tcheck | Ttotal | Status | Flags |
---|---|---|---|---|---|---|
r-devel-linux-x86_64-debian-clang | 0.9.2 | 0.69 | 23.96 | 24.66 | NOTE | |
r-devel-linux-x86_64-debian-gcc | 0.9.2 | 1.10 | 23.15 | 24.25 | NOTE | |
r-devel-linux-x86_64-fedora-clang | 0.9.2 | 47.38 | NOTE | |||
r-devel-linux-x86_64-fedora-gcc | 0.9.2 | 42.63 | NOTE | |||
r-devel-osx-x86_64-clang | 0.9.2 | 42.70 | NOTE | |||
r-devel-windows-ix86+x86_64 | 0.9.2 | 4.00 | 29.00 | 33.00 | NOTE | |
r-patched-linux-x86_64 | 0.9.2 | 0.73 | 24.07 | 24.80 | NOTE | |
r-patched-solaris-sparc | 0.9.2 | 323.70 | NOTE | |||
r-patched-solaris-x86 | 0.9.2 | 59.00 | NOTE | |||
r-release-linux-ix86 | 0.9.2 | 1.10 | 36.65 | 37.74 | NOTE | |
r-release-linux-x86_64 | 0.9.2 | 0.68 | 24.99 | 25.67 | NOTE | |
r-release-osx-x86_64-mavericks | 0.9.2 | NOTE | ||||
r-release-windows-ix86+x86_64 | 0.9.2 | 3.00 | 35.00 | 38.00 | NOTE | |
r-oldrel-windows-ix86+x86_64 | 0.9.2 | 3.00 | 33.00 | 36.00 | OK |
Version: 0.9.2
Check: top-level files
Result: NOTE
Non-standard file/directory found at top level:
‘acopula-Ex.R’
Flavors: r-devel-linux-x86_64-debian-clang, r-devel-linux-x86_64-debian-gcc, r-devel-linux-x86_64-fedora-clang, r-devel-linux-x86_64-fedora-gcc, r-patched-linux-x86_64, r-release-linux-ix86, r-release-linux-x86_64
Version: 0.9.2
Check: dependencies in R code
Result: NOTE
'library' or 'require' call to ‘mvtnorm’ in package code.
Please use :: or requireNamespace() instead.
See section 'Suggested packages' in the 'Writing R Extensions' manual.
Flavors: r-devel-linux-x86_64-debian-clang, r-devel-linux-x86_64-debian-gcc, r-devel-linux-x86_64-fedora-clang, r-devel-linux-x86_64-fedora-gcc, r-devel-osx-x86_64-clang, r-devel-windows-ix86+x86_64
Version: 0.9.2
Check: S3 generic/method consistency
Result: NOTE
Found the following apparent S3 methods exported but not registered:
print.eCopulaArchimax print.eCopulaGeneric print.gCopula
print.isCopula
See section ‘Registering S3 methods’ in the ‘Writing R Extensions’
manual.
Flavors: r-devel-linux-x86_64-debian-clang, r-devel-linux-x86_64-debian-gcc, r-devel-linux-x86_64-fedora-clang, r-devel-linux-x86_64-fedora-gcc, r-devel-osx-x86_64-clang
Version: 0.9.2
Check: R code for possible problems
Result: NOTE
copNormal : pcopula: no visible global function definition for
‘pmvnorm’
copNormal : rcopula: no visible global function definition for
‘rmvnorm’
Flavors: r-devel-linux-x86_64-debian-clang, r-devel-linux-x86_64-debian-gcc, r-devel-linux-x86_64-fedora-clang, r-devel-linux-x86_64-fedora-gcc, r-devel-osx-x86_64-clang, r-devel-windows-ix86+x86_64, r-patched-linux-x86_64, r-patched-solaris-sparc, r-patched-solaris-x86, r-release-linux-ix86, r-release-linux-x86_64, r-release-osx-x86_64-mavericks, r-release-windows-ix86+x86_64