Last updated on 2015-02-05 23:50:18.
Flavor | Version | Tinstall | Tcheck | Ttotal | Status | Flags |
---|---|---|---|---|---|---|
r-devel-linux-x86_64-debian-clang | 2.0-3 | 0.71 | 12.56 | 13.27 | NOTE | |
r-devel-linux-x86_64-debian-gcc | 2.0-3 | 0.66 | 12.62 | 13.28 | NOTE | |
r-devel-linux-x86_64-fedora-clang | 2.0-3 | 25.57 | NOTE | |||
r-devel-linux-x86_64-fedora-gcc | 2.0-3 | 24.00 | NOTE | |||
r-devel-osx-x86_64-clang | 2.0-3 | 35.18 | OK | |||
r-devel-windows-ix86+x86_64 | 2.0-3 | 3.00 | 21.00 | 24.00 | OK | |
r-patched-linux-x86_64 | 2.0-3 | 0.74 | 13.96 | 14.71 | NOTE | |
r-patched-solaris-sparc | 2.0-3 | 198.00 | OK | |||
r-patched-solaris-x86 | 2.0-3 | 42.10 | OK | |||
r-release-linux-ix86 | 2.0-3 | 1.02 | 19.98 | 20.99 | NOTE | |
r-release-linux-x86_64 | 2.0-3 | 0.68 | 14.08 | 14.76 | NOTE | |
r-release-osx-x86_64-mavericks | 2.0-3 | OK | ||||
r-release-windows-ix86+x86_64 | 2.0-3 | 3.00 | 24.00 | 27.00 | OK | |
r-oldrel-windows-ix86+x86_64 | 2.0-3 | 2.00 | 24.00 | 26.00 | OK |
Version: 2.0-3
Check: Rd line widths
Result: NOTE
Rd file 'ada.Rd':
\usage lines wider than 90 characters:
model.coef=TRUE,bag.shift=FALSE,max.iter=20,delta=10^(-10),verbose=FALSE,
These lines will be truncated in the PDF manual.
Flavors: r-devel-linux-x86_64-debian-clang, r-devel-linux-x86_64-debian-gcc, r-devel-linux-x86_64-fedora-clang, r-devel-linux-x86_64-fedora-gcc, r-patched-linux-x86_64, r-release-linux-ix86, r-release-linux-x86_64